{"id":978,"date":"2014-02-02T13:57:45","date_gmt":"2014-02-02T12:57:45","guid":{"rendered":"http:\/\/www.budylancuckie.przemyska.pl\/?page_id=978"},"modified":"2014-02-02T13:57:45","modified_gmt":"2014-02-02T12:57:45","slug":"kronika-lata-1976-1981","status":"publish","type":"page","link":"https:\/\/budy.przemyska.pl\/index.php\/z-kroniki-budzkiej-parafii\/kronika-lata-1976-1981\/","title":{"rendered":"Kronika \u2013 lata 1977 \u2013 1981"},"content":{"rendered":"<p><!--[if gte mso 9]><xml>\n <w:WordDocument>\n  <w:View>Normal<\/w:View>\n  <w:Zoom>0<\/w:Zoom>\n  <w:HyphenationZone>21<\/w:HyphenationZone>\n  <w:PunctuationKerning\/>\n  <w:ValidateAgainstSchemas\/>\n  <w:SaveIfXMLInvalid>false<\/w:SaveIfXMLInvalid>\n  <w:IgnoreMixedContent>false<\/w:IgnoreMixedContent>\n  <w:AlwaysShowPlaceholderText>false<\/w:AlwaysShowPlaceholderText>\n  <w:Compatibility>\n   <w:BreakWrappedTables\/>\n   <w:SnapToGridInCell\/>\n   <w:WrapTextWithPunct\/>\n   <w:UseAsianBreakRules\/>\n   <w:DontGrowAutofit\/>\n  <\/w:Compatibility>\n  <w:BrowserLevel>MicrosoftInternetExplorer4<\/w:BrowserLevel>\n <\/w:WordDocument>\n<\/xml><![endif]--><\/p>\n<p><!--[if gte mso 9]><xml>\n <w:LatentStyles DefLockedState=\"false\" LatentStyleCount=\"156\">\n <\/w:LatentStyles>\n<\/xml><![endif]--><!--[if gte mso 10]>\n\n\n<style>\n \/* Style Definitions *\/\n table.MsoNormalTable\n\t{mso-style-name:Standardowy;\n\tmso-tstyle-rowband-size:0;\n\tmso-tstyle-colband-size:0;\n\tmso-style-noshow:yes;\n\tmso-style-parent:\"\";\n\tmso-padding-alt:0cm 5.4pt 0cm 5.4pt;\n\tmso-para-margin:0cm;\n\tmso-para-margin-bottom:.0001pt;\n\tmso-pagination:widow-orphan;\n\tfont-size:10.0pt;\n\tfont-family:\"Times New Roman\";\n\tmso-ansi-language:#0400;\n\tmso-fareast-language:#0400;\n\tmso-bidi-language:#0400;}\n<\/style>\n\n\n<![endif]--><\/p>\n<p class=\"MsoNormal\" style=\"margin-bottom:6.0pt;text-align:justify;text-indent:\n1.0cm;background:white\"><span style=\"font-size:10.0pt;font-family:Verdana;\ncolor:black\">W roku 1977 obchodzili\u015bmy w naszej diecezji we wszystkich parafiach 600-lecie diecezji. U nas uroczysto\u015b\u0107 ta zosta\u0142a, po\u0142\u0105czona z wizytacj\u0105 parafii i odpustem w dniu Zwiastowania Pa\u0144skiego. Uroczysto\u015bci\u0105 przewodniczy\u0142 J.E, Ks. Biskup Stanis\u0142aw Jakiel. Wtedy te\u017c zosta\u0142a po\u015bwi\u0119cona druga cz\u0119\u015b\u0107 cmentarza, poprzedniego roku ogrodzono siatk\u0105 (s\u0142upki metalowe, murek). Ogrodzenie cmentarza i plebanii wykonali miejscowi pod kierownictwem Marcina Czecha.<\/span><\/p>\n<p class=\"MsoNormal\" style=\"margin-bottom:6.0pt;text-align:justify;text-indent:\n1.0cm;background:white\"><span style=\"font-size:10.0pt;font-family:Verdana;\ncolor:black\">W lecie 1977 roku przyst\u0105pili\u015bmy do prac zwi\u0105zanych z ogrzewaniem ko\u015bcio\u0142a. Wykonawc\u0105 by\u0142 Julian Stopyra z Wierzbnej. Wykonywa\u0142 ju\u017c takie prace w Grodzisku, w Giedlarowej, w Brzozie Kr&oacute;lewskiej. W zakrystii pod pod\u0142og\u0105 wykopano piwnic\u0119, w kt&oacute;rej zostanie umieszczony piec CO. Przekuta zosta\u0142a \u015bciana fundamentu od strony po\u0142udniowej, aby po\u0142\u0105czy\u0107 piwnic\u0119 pod zakrysti\u0105 z piwnic\u0105 na placu ko\u015bcielnym kana\u0142em. W czasie przygotowywania dna kana\u0142u do wylania posadzki, nast\u0105pi\u0142 tragiczny wypadek. Zawali\u0142a si\u0119 \u015bciana wschodnia kana\u0142u, wolnostoj\u0105ca. Prawdopodobnie ziemia zosta\u0142a podebrana. Wal\u0105ca si\u0119 \u015bciana przygniot\u0142a sze\u015b\u0107 os&oacute;b. Cztery osoby zgin\u0119\u0142y: W\u0142adys\u0142aw Cebulak ur. 30.06.1911, Jan Gog&oacute;j ur. 4.10.1905, Teresa Mach ur. 17.05.1930, Agata Tunia ur. 28.01.1923, Mieczys\u0142aw Por\u0119bny i J&oacute;zef Bar odnie\u015bli inne obra\u017cenia i przebywali w szpitalu w \u0141a\u0144cucie.<\/span><\/p>\n<p class=\"MsoNormal\" style=\"margin-bottom:6.0pt;text-align:justify;text-indent:\n1.0cm;background:white\"><span style=\"font-size:10.0pt;font-family:Verdana;\ncolor:black\">Wszyscy poszkodowani pochodzili z Korniaktowa. Ten tragiczny wypadek zosta\u0142 wykorzystany przez &oacute;wczesne w\u0142adze przeciw Ksi\u0119dzu Biskupowi, kt&oacute;ry by\u0142 znienawidzony przez w\u0142adze za budow\u0119 ko\u015bcio\u0142&oacute;w w diecezji. Proboszcz parafii zosta\u0142 w tym dniu aresztowany i osadzony w areszcie \u015bledczym w Rzeszowie, najpierw na Komendzie, a p&oacute;\u017aniej na Zamku. Pogrzeb ofiar wypadku odby\u0142 si\u0119 na Budach pod przewodnictwem ks. dziekana Stanis\u0142awa So\u0142eckiego z \u017bo\u0142yni. Kazanie g\u0142osi\u0142 o. Bogus\u0142aw Golak. Obecni byli ksi\u0119\u017ca dekanatu.<\/span><\/p>\n<p class=\"MsoNormal\" style=\"margin-bottom:6.0pt;text-align:justify;text-indent:\n1.0cm;background:white\"><span style=\"font-size:10.0pt;font-family:Verdana;\ncolor:black\">W parafii duszpasterstwo odt\u0105d prowadzi\u0142 ksi\u0105dz kanonik. Czasem wspomaga\u0142 go ks. Matuszek. Nauczaniem religii na prawej stronie zaj\u0105\u0142 si\u0119 ks. Franciszek Wo\u015b ze \u015awi\u0119toniowej. W Budach lewych i Korniaktowie uczy\u0142a pani katechetka Zofia Dzier\u017canowska. Od dw&oacute;ch ju\u017c lat Pani Zofia, po przej\u015bciu na emerytur\u0119 nauczycielsk\u0105, pomaga\u0142a w nauczaniu religii. W roku 1978 zosta\u0142 wy\u015bwi\u0119cony nasz rodak J&oacute;zef Markowicz z prawej strony. Ks. Biskup przydzieli\u0142 go jako wikariusza do Bud \u0141a\u0144cuckich, aby wspomaga\u0142 ksi\u0119dza kanonika. Staraniem ksi\u0119dza J&oacute;zia zosta\u0142o doko\u0144czone CO., wymienione okna w ca\u0142ym ko\u015bciele. Ko\u015bci&oacute;\u0142 by\u0142 przygotowany do malowania &#8211; polichromii. Dotychczas w ko\u015bciele by\u0142 szary tynk i betonowa posadzka.<\/span><\/p>\n<p class=\"MsoNormal\" style=\"margin-bottom:6.0pt;text-align:justify;text-indent:\n1.0cm;background:white\"><span style=\"font-size:10.0pt;font-family:Verdana;\ncolor:black\">1 marca 1979 roku po otrzymaniu warunkowego zwolnienia powr&oacute;ci\u0142 do parafii ks. proboszcz. Rozpoczyna\u0142 si\u0119 Wielki Post. Kazania pasyjne mia\u0142 g\u0142osi\u0107 ks. kanonik, ale po wyg\u0142oszeniu pierwszego zrezygnowa\u0142 z dalszego g\u0142oszenia pozostawiaj\u0105c to ks. J&oacute;zefowi &#8211; wikariuszowi. Do pracy duszpasterskiej w\u0142\u0105czy\u0142 si\u0119 ks. proboszcz. Opr&oacute;cz pracy czysto duszpasterskiej trzeba by\u0142o przygotowywa\u0107 ko\u015bci&oacute;\u0142 do malowania, kt&oacute;re by\u0142o ustalone z p. Jakubczykiem na 1978 rok. Rok p&oacute;\u017aniej w czerwcu rozpocznie si\u0119 praca przy malowaniu ko\u015bcio\u0142a. Wcze\u015bniej trzeba wszystko przygotowa\u0107. W maju postawili\u015bmy rusztowanie, aby mo\u017cna by\u0142o poprawi\u0107 tynki, wymienili\u015bmy przewody instalacji elektrycznej z aluminium na mied\u017a, instalacj\u0119 g\u0142o\u015bnikow\u0105 schowali\u015bmy pod tynk. By\u0142a zrobiona przewodem antenowym po wierzchu. W przednich \u015bcianach naw bocznych zosta\u0142y zrobione przej\u015bcia do kaplic, aby w ten spos&oacute;b ko\u015bci&oacute;\u0142 zyska\u0142 na funkcjonalno\u015bci (lepszy dost\u0119p do stopni prezbiterium). Boczne o\u0142tarze zosta\u0142y rozebrane.<\/span><\/p>\n<p class=\"MsoNormal\" style=\"margin-bottom:6.0pt;text-indent:1.0cm;background:\nwhite;mso-layout-grid-align:none;text-autospace:none\"><span style=\"font-size:\n10.0pt;font-family:Verdana;color:black\">W czerwcu tego\u017c roku do Polski przyjecha\u0142 Ojciec \u015bwi\u0119ty &#8211; Jan Pawe\u0142 II witany entuzjastycznie przez wszystkich. Du\u017co os&oacute;b z naszej parafii pojecha\u0142o na spotkanie z Ojcem \u015bw. do Krakowa.<\/span><\/p>\n<p class=\"MsoNormal\" style=\"margin-bottom:6.0pt;background:white;mso-layout-grid-align:\nnone;text-autospace:none\"><span style=\"font-size:10.0pt;font-family:Verdana;\ncolor:black\">Ks. J&oacute;zef Markowicz, wikariusz w lipcu zosta\u0142 przeniesiony do Jaros\u0142awia &#8211; Kr&oacute;lowej Polski.<\/span><\/p>\n<p class=\"MsoNormal\" style=\"margin-bottom:6.0pt;text-align:justify;text-indent:\n1.0cm;background:white;mso-layout-grid-align:none;text-autospace:none\"><span style=\"font-size:10.0pt;font-family:Verdana;color:black\">9 lipca Pan Stanis\u0142aw Jakubczyk z Krakowa wraz z ekip\u0105 rozpocz\u0105\u0142 malowanie ko\u015bcio\u0142a. Potrwa to do zimy. Ca\u0142o\u015b\u0107 polichromii kosztowa\u0142a milion pi\u0119\u0107dziesi\u0105t tysi\u0119&shy;cy z\u0142. By\u0142a to suma dosy\u0107 du\u017ca. Obrazy mozaikowe z kolorowych szkie\u0142ek, wypalanych w hucie szk\u0142a. Mo\u017cna do dzi\u015b ogl\u0105da\u0107 te obrazy w ko\u015bciele. Fachowcy, kt&oacute;rzy uko\u0144czyli uk\u0142adanie posadzki w ko\u015bciele w \u015awi\u0119toniowej przyszli do nas. Nie byli to jak si\u0119 okaza\u0142o specjali\u015bci, co te\u017c mo\u017cna zobaczy\u0107 po u\u0142o\u017ceniu posadzki. Malarze przez ca\u0142y czas byli zakwaterowani na plebanii, tu te\u017c si\u0119 \u017cywili, Pomoc\u0105 w wy\u017cywieniu s\u0142u\u017cyli parafianie przynosz\u0105c dary w naturze. P&oacute;\u017aniej do\u0142\u0105czyli jeszcze posadzka&shy;rze. Z tymi by\u0142o troch\u0119 k\u0142opotu. Wikt przygotowywa\u0142a pani J&oacute;zefa Kojder z prawej strony Bud. Czasem zast\u0119powa\u0142a j\u0105 W W\u0119grzyn z Korniaktowa. Jan \u0141ania zainstalowa\u0142 nap\u0119d elektryczny do dzwon&oacute;w i sygnaturki. W 1980 roku na wiosn\u0119 zosta\u0142y wykonane obrazy w kaplicach na &bdquo;Bo\u017ce Cia\u0142o&quot; &#8211; czterej Ewangeli\u015bci, a we frontonie ko\u015bcio\u0142a obraz Matki Bo\u017cej Szkaplerznej &#8211; dawnej patronki parafii.<\/span><\/p>\n<p class=\"MsoNormal\" style=\"margin-bottom:6.0pt;text-align:justify;text-indent:\n1.0cm;background:white;mso-layout-grid-align:none;text-autospace:none\"><span style=\"font-size:10.0pt;font-family:Verdana;color:black\">W dniach od 7-14 czerwca prze\u017cywamy w parafii misje. Ks, Micha\u0142 Kochman &#8211; proboszcz z \u0141a\u0144cuta i ks. Micha\u0142 Suszek &#8211; proboszcz z Drohobyczki g\u0142osz\u0105 s\u0142owo Bo\u017ce. Lud ucz\u0119szcza na nauki i przyst\u0119puje do sakrament&oacute;w \u015bwi\u0119tych. Na zako\u0144cze&shy;nie misji w sobot\u0119 14 czerwca na sum\u0119 przyjecha\u0142 Ks. Biskup Ordynariusz, wyg\u0142osi\u0142 kazanie i po\u015bwi\u0119ci\u0142 polichromi\u0119 ko\u015bcio\u0142a, W czerwcu zg\u0142osi\u0142 si\u0119 kandydat do Semina&shy;rium &#8211; Julian Bartnik, z Bud \u0141a\u0144cuckich. Matur\u0119 zda\u0142 w Technikum Le\u015bnym w Lesku. Po z\u0142o\u017ceniu podania i egzaminie zosta\u0142 przyj\u0119ty do Seminarium w Przemy\u015blu.<\/span><\/p>\n<p class=\"MsoNormal\" style=\"margin-bottom:6.0pt;text-align:justify;text-indent:\n1.0cm;background:white;mso-layout-grid-align:none;text-autospace:none\"><span style=\"font-size:10.0pt;font-family:Verdana;color:black\">Lipiec w 1980 roku okaza\u0142 si\u0119 bardzo fatalny. By\u0142y bardzo obfite opady deszczu. Wyla\u0142 Wis\u0142ok. Woda zala\u0142a wszystkie ni\u017csze tereny. \u0141\u0105ka pleba\u0144ska przed ko\u015bcio\u0142em by\u0142a ca\u0142a zalana. \u017bniwa bardzo ci\u0119\u017ckie ze. wzgl\u0119du na padaj\u0105ce deszcze, Zaopatrze&shy;nie w \u017cywno\u015b\u0107 s\u0142abe. W lipcu w Lublinie rozpoczynaj\u0105 si\u0119 strajki. Kolejarze przyspawali poci\u0105g do szyn, aby przeszkodzi\u0107 w wywo\u017ceniu \u017cywno\u015bci do Rosji. Wnet strajki przenios\u0142y si\u0119 na Wybrze\u017ce &#8211; Gda\u0144sk, Gdynia, Elbl\u0105g, Szczecin, \u015al\u0105sk &#8211; g&oacute;rnicy. Sytuacja trudna do przewidzenia. Ostatniego sierpnia podpisano w Gda\u0144sku umow\u0119: Robotnicy &#8211; stoczniowcy z Wa\u0142\u0119s\u0105 na czele i rz\u0105d reprezentowany przez Jagielskiego. Powsta\u0142a SOLIDARNO\u015a\u0106. Podpisano te\u017c umowy w Szczecinie i w Jastrz\u0119biu. Troch\u0119 sytuacja si\u0119 zmieni\u0142a, ale prawie niemo\u017cliwe, aby komuni\u015bci odda&shy;li w\u0142adz\u0119.<\/span><\/p>\n<p class=\"MsoNormal\" style=\"margin-bottom:6.0pt;text-align:justify;text-indent:\n1.0cm;background:white\"><span style=\"font-size:10.0pt;font-family:Verdana;\ncolor:black\">W ko\u015bciele robimy boazeri\u0119 d\u0119bow\u0105, o\u0142tarz soborowy, ambonk\u0119, konfesjona\u0142y, Nast\u0119pnie zosta\u0142y zrobione nowe \u0142awki (3m), 43 szt. Stare \u0142awki (20 szt) zosta\u0142y ofiarowane do ko\u015bcio\u0142a w Brzegach Dolnych k. Ustrzyk. Proboszczem jest tam ks. J&oacute;zef Krupa ze \u015awi\u0119toniowej, Do tego te\u017c ko\u015bcio\u0142a zosta\u0142y ofiarowane stacje Drogi Krzy\u017cowej. Adam Tarnawski &#8211; kleryk, przebywaj\u0105cy u Cebulak&oacute;w, przyjecha\u0142 na ferie do ks. proboszcza i powiedzia\u0142, \u017ce wyst\u0119puje z Seminarium. Je\u015bli uzna\u0142, \u017ce si\u0119 nie nadaje, to trudno.<\/span><\/p>\n<p class=\"MsoNormal\" style=\"margin-bottom:6.0pt;text-align:justify;text-indent:\n1.0cm;background:white;mso-layout-grid-align:none;text-autospace:none\"><span style=\"font-size:10.0pt;font-family:Verdana;color:black\">Na wiosn\u0119 1981 roku przymierzamy si\u0119 do zrobienia zewn\u0119trznej elewacji ko\u015bcio\u0142a. Najgorzej wygl\u0105da \u015bciana frontowa, z\u0142uszczona i zaciekaj\u0105cy balkon, ju\u017c poprawiany w 1973 roku. W maju rozpocz\u0119to prac\u0119 przy ko\u015bciele. Stawianie rusztowa\u0144, czyszczenie szczotkami drucianymi muru &#8211; tynku wykonanie szar&oacute;wki i malowanie \u015bcian farb\u0105 wg zalece\u0144 fachowc&oacute;w. Prace murarskie wykonuje ekipa z Le\u017cajska. Fachowcy dobrzy ale wszystkie poprawki to tylko na chwil\u0119. Przy ko\u015bciele trzeba robi\u0107 wszystko prawie od nowa. Odbija\u0107 do ceg\u0142y, tynkowa\u0107, to wtedy pewno\u015b\u0107, \u017ce jest zrobione dobrze.<\/span><\/p>\n<p class=\"MsoNormal\" style=\"margin-bottom:6.0pt;text-align:justify;text-indent:\n1.0cm;background:white;mso-layout-grid-align:none;text-autospace:none\"><span style=\"font-size:10.0pt;font-family:Verdana\">13 maja \u015bwiatem, Ko\u015bcio\u0142em, a szczeg&oacute;lnie Polsk\u0105 wstrz\u0105sn\u0119\u0142a wiadomo\u015b\u0107 o <span style=\"color:black\">zamachu na Ojca \u015bw. W czasie audiencji na placu \u015bw. Piotra zamachowiec strzeli\u0142 z pistoletu do Ojca \u015bw. rani\u0105c Go w brzuch i w r\u0119k\u0119. Zamachowcem okaza\u0142 si\u0119 Turek Ali Agca, schwytany przez siostr\u0119 zakonn\u0105 i policj\u0119 w czasie pr&oacute;by ucieczki z placu. 13 maja przypada rocznica objawie\u0144 Matki Bo\u017cej Fatimskiej. Ojciec \u015bw. Jej zawdzi\u0119cza cudowne uratowanie z tego zamachu.<\/span><\/span><\/p>\n<p class=\"MsoNormal\" style=\"margin-bottom:6.0pt;text-align:justify;text-indent:\n1.0cm;background:white;mso-layout-grid-align:none;text-autospace:none\"><span style=\"font-size:10.0pt;font-family:Verdana;color:black\">W maju zmar\u0142<span style=\"mso-spacerun:yes\">&nbsp; <\/span>Prymas Polski Stefan Wyszy\u0144ski.<\/span><\/p>\n<p class=\"MsoNormal\" style=\"margin-bottom:6.0pt;text-align:justify;text-indent:\n1.0cm;background:white;mso-layout-grid-align:none;text-autospace:none\"><span style=\"font-size:10.0pt;font-family:Verdana;color:black\">W Dni Krzy\u017cowe tradycyjnie idziemy w procesji do krzy\u017cy przydro\u017cnych. \u015apiewaj\u0105c Litani\u0119 do Wszystkich \u015bwi\u0119tych modlimy si\u0119 o urodzaje.<\/span><\/p>\n<p class=\"MsoNormal\" style=\"margin-bottom:6.0pt;text-align:justify;text-indent:\n1.0cm;background:white;mso-layout-grid-align:none;text-autospace:none\"><span style=\"font-size:10.0pt;font-family:Verdana;color:black\">W czerwcu Marian Cebula, syn ko\u015bcielnego zg\u0142asza si\u0119 do Seminarium Duchownego w Przemy\u015blu i zostaje przyj\u0119ty.<\/span><\/p>\n<p class=\"MsoNormal\" style=\"margin-bottom:6.0pt;text-align:justify;text-indent:\n1.0cm;background:white;mso-layout-grid-align:none;text-autospace:none\"><span style=\"font-size:10.0pt;font-family:Verdana;color:black\">Trwaj\u0105 prace przy elewacji ko\u015bcio\u0142a. Zako\u0144czenie prac przy ko\u015bciele przewidziane jest na p&oacute;\u017an\u0105 jesie\u0144.<\/span><\/p>\n<p class=\"MsoNormal\" style=\"margin-bottom:6.0pt;text-align:justify;text-indent:\n1.0cm;background:white;mso-layout-grid-align:none;text-autospace:none\"><span style=\"font-size:10.0pt;font-family:Verdana;color:black\">13 grudnia zosta\u0142 wprowadzony w ca\u0142ej Polsce stan wojenny. Komuni\u015bci, aby zniszczy\u0107 &bdquo;Solidarno\u015b\u0107&quot; podejmuj\u0105 wszystkie, nawet najgorsze chwyty. Zas\u0142aniaj\u0105 si\u0119, \u017ce je\u015bli nie oni, to wkrocz\u0105 Sowieci. G&oacute;rnicy zastrajkowali. W kopalni &bdquo;Wujek&quot; i &bdquo;Manifest Lipcowy&quot; s\u0105 zabici i ranni. Nie ma tylko winnych.<\/span><\/p>\n<p class=\"MsoNormal\" style=\"margin-bottom:6.0pt;text-align:justify;text-indent:\n1.0cm;background:white;mso-layout-grid-align:none;text-autospace:none\"><span style=\"font-size:10.0pt;font-family:Verdana;color:black\">We wszystkich wi\u0119kszych miastach na ulice wyjecha\u0142y czo\u0142gi, wozy opancerzone. Nastraszyli wszystkich. Jest zakaz przemieszczania si\u0119 ludno\u015bci. Ka\u017cdy musi mie\u0107 przy sobie dow&oacute;d osobisty. Trzeba, zezwolenie na pobyt w innej miejscowo\u015bci. Jest wprowadzona godzina milicyjna od 22<sup>00<\/sup> do 5-tej rano &#8211; nie wolno wtedy wychodzi\u0107 z dom&oacute;w. Nawet &bdquo;Pasterka&quot; by\u0142a odwo\u0142ywana przez w\u0142adze, ale w ko\u0144cu zezwolono na odprawienie o p&oacute;\u0142nocy w Bo\u017ce Narodzenie &bdquo;Pasterki&quot;. Przed \u015bwi\u0119tami godzina policyjna zosta\u0142a odwo\u0142ana.<\/span><\/p>\n<p class=\"MsoNormal\" style=\"margin-bottom:6.0pt;text-align:justify;text-indent:\n1.0cm;background:white;mso-layout-grid-align:none;text-autospace:none\"><span style=\"font-size:10.0pt;font-family:Verdana;color:black\">Wszyscy dzia\u0142acze Solidarno\u015bci zostali aresztowani i internowani w obozach.<\/span><\/p>\n<p class=\"MsoNormal\" style=\"margin-bottom:6.0pt;text-align:justify;text-indent:\n17.85pt;background:white\">&nbsp;<\/p>\n<table border=\"0\" cellpadding=\"1\" cellspacing=\"1\" style=\"width: 100%;\">\n<tbody>\n<tr>\n<td><a href=\"http:\/\/www.budylancuckie.przemyska.pl\/?page_id=976\"><strong>Lata 1972 &#8211; 1976 <\/strong><\/a><\/td>\n<td style=\"text-align: right;\"><a href=\"http:\/\/www.budylancuckie.przemyska.pl\/?page_id=980\"><strong>Lata 1982 &#8211; 1986<br \/>\n\t\t\t\t<\/strong><\/a><\/td>\n<\/tr>\n<\/tbody>\n<\/table>\n","protected":false},"excerpt":{"rendered":"<p>W roku 1977 obchodzili\u015bmy w naszej diecezji we wszystkich parafiach 600-lecie diecezji. U nas uroczysto\u015b\u0107 ta zosta\u0142a, po\u0142\u0105czona z wizytacj\u0105 parafii i odpustem w dniu Zwiastowania Pa\u0144skiego. Uroczysto\u015bci\u0105 przewodniczy\u0142 J.E, &hellip; <a href=\"https:\/\/budy.przemyska.pl\/index.php\/z-kroniki-budzkiej-parafii\/kronika-lata-1976-1981\/\" class=\"more-link\">Czytaj dalej <span class=\"screen-reader-text\">Kronika \u2013 lata 1977 \u2013 1981<\/span> <span class=\"meta-nav\">&rarr;<\/span><\/a><\/p>\n","protected":false},"author":1,"featured_media":0,"parent":861,"menu_order":12,"comment_status":"closed","ping_status":"closed","template":"","meta":{"footnotes":""},"class_list":["post-978","page","type-page","status-publish","hentry"],"_links":{"self":[{"href":"https:\/\/budy.przemyska.pl\/index.php\/wp-json\/wp\/v2\/pages\/978","targetHints":{"allow":["GET"]}}],"collection":[{"href":"https:\/\/budy.przemyska.pl\/index.php\/wp-json\/wp\/v2\/pages"}],"about":[{"href":"https:\/\/budy.przemyska.pl\/index.php\/wp-json\/wp\/v2\/types\/page"}],"author":[{"embeddable":true,"href":"https:\/\/budy.przemyska.pl\/index.php\/wp-json\/wp\/v2\/users\/1"}],"replies":[{"embeddable":true,"href":"https:\/\/budy.przemyska.pl\/index.php\/wp-json\/wp\/v2\/comments?post=978"}],"version-history":[{"count":0,"href":"https:\/\/budy.przemyska.pl\/index.php\/wp-json\/wp\/v2\/pages\/978\/revisions"}],"up":[{"embeddable":true,"href":"https:\/\/budy.przemyska.pl\/index.php\/wp-json\/wp\/v2\/pages\/861"}],"wp:attachment":[{"href":"https:\/\/budy.przemyska.pl\/index.php\/wp-json\/wp\/v2\/media?parent=978"}],"curies":[{"name":"wp","href":"https:\/\/api.w.org\/{rel}","templated":true}]}}