{"id":970,"date":"2014-02-02T13:52:51","date_gmt":"2014-02-02T12:52:51","guid":{"rendered":"http:\/\/www.budylancuckie.przemyska.pl\/?page_id=970"},"modified":"2014-02-02T13:52:51","modified_gmt":"2014-02-02T12:52:51","slug":"kronika-lata-1957-1961","status":"publish","type":"page","link":"https:\/\/budy.przemyska.pl\/index.php\/z-kroniki-budzkiej-parafii\/kronika-lata-1957-1961\/","title":{"rendered":"Kronika \u2013 lata 1957 \u2013 1961"},"content":{"rendered":"<p><!--[if gte mso 9]><xml>\n <w:WordDocument>\n  <w:View>Normal<\/w:View>\n  <w:Zoom>0<\/w:Zoom>\n  <w:HyphenationZone>21<\/w:HyphenationZone>\n  <w:PunctuationKerning\/>\n  <w:ValidateAgainstSchemas\/>\n  <w:SaveIfXMLInvalid>false<\/w:SaveIfXMLInvalid>\n  <w:IgnoreMixedContent>false<\/w:IgnoreMixedContent>\n  <w:AlwaysShowPlaceholderText>false<\/w:AlwaysShowPlaceholderText>\n  <w:Compatibility>\n   <w:BreakWrappedTables\/>\n   <w:SnapToGridInCell\/>\n   <w:WrapTextWithPunct\/>\n   <w:UseAsianBreakRules\/>\n   <w:DontGrowAutofit\/>\n  <\/w:Compatibility>\n  <w:BrowserLevel>MicrosoftInternetExplorer4<\/w:BrowserLevel>\n <\/w:WordDocument>\n<\/xml><![endif]--><\/p>\n<p><!--[if gte mso 9]><xml>\n <w:LatentStyles DefLockedState=\"false\" LatentStyleCount=\"156\">\n <\/w:LatentStyles>\n<\/xml><![endif]--><!--[if !mso]><object \nclassid=\"clsid:38481807-CA0E-42D2-BF39-B33AF135CC4D\" id=ieooui><\/object>\n\n\n<style>\nst1\\:*{behavior:url(#ieooui) }\n<\/style>\n\n\n<![endif]--><!--[if gte mso 10]>\n\n\n<style>\n \/* Style Definitions *\/\n table.MsoNormalTable\n\t{mso-style-name:Standardowy;\n\tmso-tstyle-rowband-size:0;\n\tmso-tstyle-colband-size:0;\n\tmso-style-noshow:yes;\n\tmso-style-parent:\"\";\n\tmso-padding-alt:0cm 5.4pt 0cm 5.4pt;\n\tmso-para-margin:0cm;\n\tmso-para-margin-bottom:.0001pt;\n\tmso-pagination:widow-orphan;\n\tfont-size:10.0pt;\n\tfont-family:\"Times New Roman\";\n\tmso-ansi-language:#0400;\n\tmso-fareast-language:#0400;\n\tmso-bidi-language:#0400;}\n<\/style>\n\n\n<![endif]--><\/p>\n<p class=\"MsoNormal\" style=\"margin-bottom:6.0pt;text-align:justify;text-indent:\n1.0cm;background:white\"><span style=\"font-size:10.0pt;font-family:Verdana;\ncolor:black\">Rok 1957 rozpocz\u0105\u0142 si\u0119 niepomy\u015blnie dla Ko\u015bcio\u0142a w Polsce. Pa\u0144stwo ingeruje we finanse, \u017c\u0105da prowadzenia ksi\u0105g rachunkowych, rozliczania si\u0119 ze sk\u0142adek, z wszelkich dochod&oacute;w i rozchod&oacute;w. Dochody parafii s\u0105 opodatkowane do 60%. Rycza\u0142towo opodatkowani zostali wszyscy duchowni. Musz\u0105 p\u0142aci\u0107 podatki od ofiar sk\u0142adanych przez wiernych z racji \u015blub&oacute;w, pogrzeb&oacute;w, zamawianych Mszy \u015bw.<\/span><\/p>\n<p class=\"MsoNormal\" style=\"margin-bottom:6.0pt;text-align:justify;text-indent:\n1.0cm;background:white\"><span style=\"font-size:10.0pt;font-family:Verdana;\ncolor:black\">Po trzech latach pobytu w Budach \u0141a\u0144cuckich zosta\u0142 przeniesiony ks. wikariusz Fil, a na jego miejsce zosta\u0142 mianowany przez ksi\u0119dza biskupa nowy wikariusz ks. Edward Poca\u0142u\u0144, rodem z Dydni.<\/span><\/p>\n<p class=\"MsoNormal\" style=\"margin-bottom:6.0pt;text-align:justify;text-indent:\n1.0cm;background:white\"><span style=\"font-size:10.0pt;font-family:Verdana;\ncolor:black\">W roku 1957 rozpocz\u0119to budow\u0119 ogrodzenia wok&oacute;\u0142 ko\u015bcio\u0142a wg projektu in\u017cyniera Dayczaka, kt&oacute;ry jednak jako projekt Dayczaka nie zosta\u0142 zatwierdzony, ale podpisa\u0142 go kto\u015b inny. Takie to dziwne czasy si\u0119 rozpoczynaj\u0105 dla ko\u015bcio\u0142a i os&oacute;b z ko\u015bcio\u0142em zwi\u0105zanych. Fundament betonowy, na nim s\u0142upy murowane, przykryte daszkiem betonowym, pomi\u0119dzy s\u0142upami p\u0142ot metalowy wykonany w Rzeszowie.<\/span><\/p>\n<p class=\"MsoNormal\" style=\"margin-bottom:6.0pt;text-align:justify;text-indent:\n1.0cm;background:white\"><span style=\"font-size:10.0pt;font-family:Verdana;\ncolor:black\">Na parceli 229\/9 na przeciw plebanii na polu pleba\u0144skim zasadzono las: sosny, i troch\u0119 \u015bwierk&oacute;w. Ca\u0142o\u015b\u0107 tej parceli ok. 0,73 ha. Stajnia pleba\u0144ska postawiona za czas&oacute;w ksi\u0119dza Bednarskiego 1923 roku grozi zawaleniem. Trzeba postawi\u0107 now\u0105. Projekt wykona\u0142 in\u017c. Pankiewicz i po zatwierdzeniu przez Powiatow\u0105 Rad\u0119 Nar. w \u0141a\u0144cucie pozwolono na budow\u0119, kt&oacute;r\u0105 rozpocz\u0119to pod jesie\u0144 1957 r. Zdo\u0142ano wybudowa\u0107 po\u0142ow\u0119, tak aby na zim\u0119 mo\u017cna by\u0142o wprowadzi\u0107 krowy i konie.<\/span><\/p>\n<p class=\"MsoNormal\" style=\"margin-bottom:6.0pt;text-align:justify;text-indent:\n1.0cm;background:white\"><span style=\"font-size:10.0pt;font-family:Verdana;\ncolor:black\">W dobiegaj\u0105cym ku ko\u0144cowi roku 1957 urodzi\u0142o si\u0119 w parafii 43 dzieci, zmar\u0142o 26 os&oacute;b; a \u015blub&oacute;w by\u0142o 19. <\/span><\/p>\n<p class=\"MsoNormal\" style=\"margin-bottom:6.0pt;text-align:justify;text-indent:\n1.0cm;background:white\"><span style=\"font-size:10.0pt;font-family:Verdana;\ncolor:black\">Rok 1958 niczym nadzwyczajnym nie wyr&oacute;\u017cnia\u0142 si\u0119. Systematyczna praca parafialna, nauczanie religii jeszcze w szko\u0142ach, ale ju\u017c przeb\u0105kuje si\u0119 o wyrzuceniu religii ze szk&oacute;\u0142.<\/span><\/p>\n<p class=\"MsoNormal\" style=\"margin-bottom:6.0pt;text-align:justify;text-indent:\n1.0cm;background:white\"><span style=\"font-size:10.0pt;font-family:Verdana;\ncolor:black\">21<span style=\"mso-spacerun:yes\">&nbsp; <\/span>maja w parafii odby\u0142 si\u0119 pogrzeb \u015bp.ks. Wojciecha Machniaka, by\u0142ego proboszcza w parafii Sromowce, diecezja tarnowska. Urodzi\u0142 si\u0119 28 czerwca 1893 r. w Bia\u0142obrzegach, \u015bwi\u0119cenia kap\u0142a\u0144skie otrzyma\u0142 w Przemy\u015blu w 1918 roku. Z powodu choroby przebywa\u0142 w domu rodzinnym w Bia\u0142obrzegach. Gdy mu zdrowie pozwala\u0142o to przyje\u017cd\u017ca\u0142 do ko\u015bcio\u0142a w Budach. Jego rodzina nie chcia\u0142a nale\u017ce\u0107 do Bia\u0142obrzeg&oacute;w, wi\u0119c i on prosi\u0142 aby go pogrzebano w Budach \u0141a\u0144cuckich. Tak si\u0119 te\u017c sta\u0142o. Udzia\u0142 w pogrzebie wzi\u0119\u0142o 14 kap\u0142an&oacute;w:<\/span><\/p>\n<ul>\n<li><span style=\"font-size:10.0pt;font-family:Verdana;\ncolor:black\">Ks. Walenty Chrobak &#8211; Kan.Kap.Tarn.<\/span><\/li>\n<li><span style=\"font-size:10.0pt;font-family:Verdana;\ncolor:black\">Ks. Sieros\u0142awski &#8211; delegat Kurii tarn.<\/span><\/li>\n<li><span style=\"font-size:10.0pt;font-family:Verdana;\ncolor:black\">Ks. Sroka<\/span><\/li>\n<li><span style=\"font-size:10.0pt;font-family:Verdana;\ncolor:black\">Ks. Franciszek Misi\u0105g &#8211; kolega od \u015bwi\u0119ce\u0144 Sem.D.<\/span><\/li>\n<li><span style=\"font-size:10.0pt;font-family:Verdana;\ncolor:black\">Ks. J&oacute;zef Prajzner &#8211; pr&oacute;b. z Kosiny<span style=\"mso-spacerun:yes\">&nbsp;&nbsp; <\/span>dziekan \u0142a\u0144cucki<\/span><\/li>\n<li><span style=\"font-size:10.0pt;font-family:Verdana;\ncolor:black\">Ks. Stanis\u0142aw Decowski &#8211; pr&oacute;b. z \u0141a\u0144cuta<\/span><\/li>\n<li><span style=\"font-size:10.0pt;font-family:Verdana;\ncolor:black\">Ks. J&oacute;zef Pelc &#8211; pr&oacute;b. z Bia\u0142obrzeg&oacute;w<\/span><\/li>\n<li><span style=\"font-size:10.0pt;font-family:Verdana;\ncolor:black\">Ks. Franciszek Wo\u015b &#8211; pr&oacute;b. ze \u015awi\u0119toniowej<\/span><\/li>\n<li><span style=\"font-size:10.0pt;font-family:Verdana;\ncolor:black\">Ks. Stanis\u0142aw Trybus &#8211; pr&oacute;b. z Grodziska D.<\/span><\/li>\n<li><span style=\"font-size:10.0pt;font-family:Verdana;\ncolor:black\">Ks. J&oacute;zef Matuszek &#8211; rodak budzki<\/span><\/li>\n<li><span style=\"font-size:10.0pt;font-family:Verdana;\ncolor:black\">Ks. Jan Bar\u0107 &#8211; wikariusz z \u017bo\u0142yni<\/span><\/li>\n<li><span style=\"font-size:10.0pt;font-family:Verdana;\ncolor:black\">Ks. Jan Kozio\u0142 &#8211; wikariusz z Bia\u0142obrzeg&oacute;w<\/span><\/li>\n<li><span style=\"font-size:10.0pt;font-family:Verdana;\ncolor:black\">Ks. Edward Poca\u0142u\u0144 &#8211; wik. miejscowy i miejscowy ks. proboszcz Tadeusz Szmyd.<\/span><\/li>\n<\/ul>\n<p class=\"MsoNormal\" style=\"margin-bottom:6.0pt;text-align:justify;text-indent:\n17.85pt;background:white\"><span style=\"font-size:10.0pt;font-family:Verdana;\ncolor:black\">22 czerwca w parafii uroczysto\u015b\u0107 prymicyjna Franciszka Golaka, zakonny Bogus\u0142aw, z zakonu dominikan&oacute;w, urodzony 18 sierpnia 1932 r. w Budach \u0141a\u0144cuckich. \u015awi\u0119cenia kap\u0142a\u0144skie otrzyma\u0142 w Krakowie. W prymicjach udzia\u0142 wzi\u0119\u0142o kilku ojc&oacute;w i braci dominikan&oacute;w, gra\u0142a orkiestra. By\u0142o bardzo \u0142adnie.<\/span><\/p>\n<p class=\"MsoNormal\" style=\"margin-bottom:6.0pt;text-align:justify;text-indent:\n17.85pt;background:white\"><span style=\"font-size:10.0pt;font-family:Verdana;\ncolor:black\">Od 16 do 23 listopada w parafii by\u0142y \u015bwi\u0119te misje parafialne. Prowadzili je Ojcowie Franciszkanie z Krakowa: O. Nikodem Sza\u0142ankiewicz i O. Jakub P&oacute;\u0142ch\u0142opek. Nauki g\u0142osili przyst\u0119pnie, praktyczne, buduj\u0105ce dla wiernych. Udzia\u0142 wiernych zadowalaj\u0105cy. Po\u015bwi\u0119cono te\u017c nowy krzy\u017c misyjny. Poprzedni by\u0142 ju\u017c tak zgni\u0142y w ziemi, \u017ce trzyma\u0142 si\u0119 tylko na bardzo cienkim zdrowym rdzeniu. W ostatnim tygodniu kwietnia silna wichura przewr&oacute;ci\u0142a stary krzy\u017c misyjny.<\/span><\/p>\n<p class=\"MsoNormal\" style=\"margin-bottom:6.0pt;text-align:justify;text-indent:\n17.85pt;background:white\"><span style=\"font-size:10.0pt;font-family:Verdana;\ncolor:black\">Uko\u0144czona zosta\u0142a stajnia-obora, murowana, dosy\u0107 du\u017ca, przykryto j\u0105 cementow\u0105 dach&oacute;wk\u0105:<\/span><\/p>\n<p class=\"MsoNormal\" style=\"margin-bottom:6.0pt;text-align:justify;text-indent:\n17.85pt;background:white\"><span style=\"font-size:10.0pt;font-family:Verdana;\ncolor:black\">Wolno post\u0119powa\u0142a praca przy budowie ogrodzenia ko\u015bcio\u0142a. Brak materia\u0142u na p\u0142otek metalowy, wykonywany w Rzeszowie wstrzymywa\u0142 prace.<\/span><\/p>\n<p class=\"MsoNormal\" style=\"margin-bottom:6.0pt;text-align:justify;text-indent:\n17.85pt;background:white\"><span style=\"font-size:10.0pt;font-family:Verdana;\ncolor:black\">W roku 1959 w parafii mia\u0142o miejsce nieprzyjemne wydarzenie. Mianowicie: 25 maja mia\u0142a by\u0107 uroczysto\u015b\u0107 I Komunii \u015bw. Ks. wikariusz id\u0105c drog\u0105 zauwa\u017cy\u0142, \u017ce buduj\u0105 pod\u0142og\u0119 na zabaw\u0119. Zapyta\u0142 dlaczego robi\u0105 zabaw\u0119 w dniu I Komunii \u015bw. i kto to zarz\u0105dzi\u0142. Okaza\u0142o si\u0119, ze tym kt&oacute;ry to zarz\u0105dzi\u0142 by\u0142 miejscowy, oddany w\u0142adzy ludowej cz\u0142owiek. Nast\u0105pi\u0142a wymiana zda\u0144. Ca\u0142e to zaj\u015bcie zosta\u0142o opisane w gazecie: &bdquo;Nowa wie\u015b&quot;, a tak\u017ce w ..Sztandarze M\u0142odych&quot;. Opisa\u0142 to niejaki Jan Bijak.<\/span><\/p>\n<p class=\"MsoNormal\" style=\"margin-bottom:6.0pt;text-align:justify;text-indent:\n17.85pt;background:white\"><span style=\"font-size:10.0pt;font-family:Verdana;\ncolor:black\">W ko\u015bciele rozpocz\u0119to budow\u0119 nowego o\u0142tarza g\u0142&oacute;wnego. Projekt wykona\u0142 in\u017c. Dayczak. Miejscowi stolarze: Tadeusz Baran, Antoni Golenia (Tolek), Stanis\u0142aw Kr&oacute;l i Tomasz Mach pod nadzorem pana Koczapskiego z Przemy\u015bla podj\u0119li si\u0119 wykonania o\u0142tarza. Na poz\u0142ocenie o\u0142tarza przys\u0142a\u0142 z Ameryki Franciszek Wrona &bdquo;szlakmetal&quot; (500 listk&oacute;w w 4 paczkach).<\/span><\/p>\n<p class=\"MsoNormal\" style=\"margin-bottom:6.0pt;text-align:justify;text-indent:\n17.85pt;background:white\"><span style=\"font-size:10.0pt;font-family:Verdana;\ncolor:black\">W lipcu nast\u0105pi\u0142a zmiana wikariusza. Odszed\u0142 ks. E. Poca\u0142u\u0144; a przyszed\u0142 Edward Bana\u015b (ten sam rocznik).<\/span><\/p>\n<p class=\"MsoNormal\" style=\"margin-bottom:6.0pt;text-align:justify;text-indent:\n17.85pt;background:white\"><span style=\"font-size:10.0pt;font-family:Verdana;\ncolor:black\">P. W\u0142adys\u0142aw Cebula z Katowic postara\u0142 si\u0119 a\u017c w Gliwicach o mini\u0119 na pomalowanie dachu na bocznych nawach. W tym roku pomalowano ten dach mini\u0105,<\/span><\/p>\n<p class=\"MsoNormal\" style=\"margin-bottom:6.0pt;text-align:justify;text-indent:\n17.85pt;background:white\"><span style=\"font-size:10.0pt;font-family:Verdana;\ncolor:black\">Ci\u0105gle w parafii co\u015b si\u0119 robi\u0142o; tyle pracy zosta\u0142o wykonane, a tu jeszcze ci\u0105gle jest co\u015b do zrobienia. Teraz sprawa o\u0142tarza. Trzeba du\u017co pieni\u0119dzy, Postanowiono sprzeda\u0107 pole w Grodzisku, kt&oacute;re Parafia otrzyma\u0142a jako uposa\u017cenie w chwili powstania, od macierzystej parafii grodziskiej. Ks. proboszcz nigdy tego pola nie uprawia\u0142. By\u0142o w dzier\u017cawie. Przed wojn\u0105, dzier\u017cawcy co\u015b tam p\u0142acili. Po wojnie nie chcieli i prawie le\u017ca\u0142o od\u0142ogiem. Za zgod\u0105 Kurii Biskupiej z dnia 9 stycznia 1959 roku Parafia sprzeda\u0142a to pole 5,75 ha; a pieni\u0105dze zosta\u0142y przeznaczone na o\u0142tarz. Dla nabywaj\u0105cych zosta\u0142 sporz\u0105dzony w Le\u017cajsku notarialny akt w\u0142asno\u015bci.<\/span><\/p>\n<p class=\"MsoNormal\" style=\"margin-bottom:6.0pt;text-align:justify;text-indent:\n17.85pt;background:white\"><span style=\"font-size:10.0pt;font-family:Verdana;\ncolor:black\">W czerwcu, trzynastego w 1960 roku odby\u0142a si\u0119 wizytacja kanoniczna w parafii, kt&oacute;r\u0105 przeprowadzi\u0142 ks. bp. Stanis\u0142aw Jakiel. Do sakramentu bierzmowania przyst\u0105pi\u0142o 224 dzieci i m\u0142odzie\u017cy.<\/span><\/p>\n<p class=\"MsoNormal\" style=\"margin-bottom:6.0pt;text-align:justify;text-indent:\n17.85pt;background:white\"><span style=\"font-size:10.0pt;font-family:Verdana;\ncolor:black\">W sierpniu ks. wikariusz Edward Bana\u015b pojecha\u0142 motocyklem &bdquo;Jawa&quot; do Sanoka. Tam mia\u0142 kraks\u0119. Kierowca ci\u0119\u017car&oacute;wki wymusi\u0142 na nim pierwsze\u0144stwo przejazdu. Poszkodowany motocyklista z podw&oacute;jnym z\u0142amaniem nogi znalaz\u0142 si\u0119 w szpitalu, najpierw w Sanoku, a nast\u0119pnie przez brata lekarza przewieziony zosta\u0142 do Lublina. Leczenie trwa\u0142o dosy\u0107 d\u0142ugo, dlatego w parafii nast\u0105pi\u0142a zmiana wikariusza. Kuria Biskupia przydzieli\u0142a do Bud ks. Jana Wilusza.<\/span><\/p>\n<p class=\"MsoNormal\" style=\"margin-bottom:6.0pt;text-align:justify;text-indent:\n17.85pt;background:white\"><span style=\"font-size:10.0pt;font-family:Verdana;\ncolor:black\">Od wakacji nauka religii wyrzucona ze szk&oacute;\u0142 odbywa si\u0119 w ko\u015bciele w drugiej zakrystii, kt&oacute;ra odt\u0105d b\u0119dzie nazywa\u0107 si\u0119 punktem katechetycznym. W dalszym ci\u0105gu trwa budowa wielkiego o\u0142tarza. Ca\u0142o\u015b\u0107 ju\u017c jest zmontowana w ko\u015bciele. P Koczapski wyrze\u017abi\u0142 ju\u017c figur\u0119 Niepokalanego Serca Matki Naj\u015bwi\u0119tszej, kt&oacute;r\u0105 ustawiono we wn\u0119ce g\u0142&oacute;wnego o\u0142tarza, jako Patronk\u0119 parafii. W g&oacute;rnej cz\u0119\u015bci umieszczono figur\u0119 Chrystusa Kr&oacute;la &ndash; Pantokratora, te\u017c wykonana przez tego samego rze\u017abiarza. W o\u0142tarzu brakuje jeszcze dw&oacute;ch figur po bokach i ornament&oacute;w zdobniczych. Do zakrystii zosta\u0142a wykonana przez tych samych stolarzy pi\u0119kna, obszerna komoda.<\/span><\/p>\n<p class=\"MsoNormal\" style=\"margin-bottom:6.0pt;text-align:justify;text-indent:\n17.85pt;background:white\"><span style=\"font-size:10.0pt;font-family:Verdana;\ncolor:black\">Sprawiono tez nowy baldachim procesyjny.<\/span><\/p>\n<p class=\"MsoNormal\" style=\"margin-bottom:6.0pt;text-align:justify;text-indent:\n17.85pt;background:white\"><span style=\"font-size:10.0pt;font-family:Verdana;\ncolor:black\">Przebudowano, a w\u0142a\u015bciwie wybudowano now\u0105 stodo\u0142\u0119 pleba\u0144sk\u0105. (S\u0142upy murowane z ceg\u0142y palonej, dach kryty dach&oacute;wk\u0105 cementow\u0105, oszalowana deskami. Posiada dwa boiska i trzy s\u0105sieki).<\/span><\/p>\n<p class=\"MsoNormal\" style=\"margin-bottom:6.0pt;text-align:justify;text-indent:\n17.85pt;background:white\"><span style=\"font-size:10.0pt;font-family:Verdana;\ncolor:black\">Plebania &#8211; gospodarstwo zosta\u0142o ogrodzone siatk\u0105.<\/span><\/p>\n<p class=\"MsoNormal\" style=\"margin-bottom:6.0pt;text-align:justify;text-indent:\n17.85pt;background:white\"><span style=\"font-size:10.0pt;font-family:Verdana;\ncolor:black\">Zgromadzono 35 000 szt. ceg\u0142y na now\u0105 plebani\u0119, na budow\u0119, kt&oacute;rej wniesiono pro\u015bb\u0119 do Wydzia\u0142u Wyzna\u0144 w Urz\u0119dzie Wojew. w Rzeszowie.<\/span><\/p>\n<p class=\"MsoNormal\" style=\"margin-bottom:6.0pt;text-align:justify;text-indent:\n17.85pt;background:white\"><span style=\"font-size:10.0pt;font-family:Verdana;\ncolor:black\">W parafii jest 58 R&oacute;\u017c \u017bywego R&oacute;\u017ca\u0144ca i 26 Koron Bractwa Adoracyjnego.<\/span><\/p>\n<p class=\"MsoNormal\" style=\"margin-bottom:6.0pt;text-align:justify;text-indent:\n17.85pt;background:white\"><span style=\"font-size:10.0pt;font-family:Verdana;\ncolor:black\">W 1960 roku zosta\u0142o ochrzczonych 45 dzieci, \u015blub&oacute;w by\u0142o tylko 5. Pogrzeb&oacute;w 11. Do I Komunii \u015bw. przyst\u0105pi\u0142o 46 dzieci. Rozdano w tym roku 8 900 Komunii \u015bw.<\/span><\/p>\n<p class=\"MsoNormal\" style=\"margin-bottom:6.0pt;text-align:justify;text-indent:\n17.85pt;background:white\"><b style=\"mso-bidi-font-weight:normal\"><span style=\"font-size:10.0pt;font-family:Verdana;color:black\">W 1961<\/span><\/b><span style=\"font-size:10.0pt;font-family:Verdana;color:black\"> r. Urz\u0105d Skarbowy wyda\u0142 zarz\u0105dzenie, \u017ce ka\u017cda Parafia ma co kwarta\u0142 sk\u0142ada\u0107 sprawozdanie o dokonanych, albo nie dokonanych transakcjach. Chodzi o to, by Urz\u0105d Skarbowy wiedzia\u0142, ile Parafia wyda\u0142a pieni\u0119dzy na jakie\u015b zakupy.<\/span><\/p>\n<p class=\"MsoNormal\" style=\"margin-bottom:6.0pt;text-align:justify;text-indent:\n17.85pt;background:white\"><span style=\"font-size:10.0pt;font-family:Verdana;\ncolor:black\">W W. Po\u015bcie rekolekcje g\u0142osi\u0142 ks. Roman Dube\u0144ski z Krosna.<\/span><\/p>\n<p class=\"MsoNormal\" style=\"margin-bottom:6.0pt;text-align:justify;text-indent:\n17.85pt;background:white\"><span style=\"font-size:10.0pt;font-family:Verdana;\ncolor:black\">W lipcu nast\u0105pi\u0142a zmiana wikariusza. Odszed\u0142 Ks. Wilusz, a przyszed\u0142 ks. J&oacute;zef Soko\u0142owski.<\/span><\/p>\n<p class=\"MsoNormal\" style=\"margin-bottom:6.0pt;text-align:justify;text-indent:\n17.85pt;background:white\"><span style=\"font-size:10.0pt;font-family:Verdana;\ncolor:black\">Jeden z parafian przeszed\u0142 do \u015awiadk&oacute;w Jehowy. Krewni z Opalenisk wci\u0105gn\u0119li go do tej sekty.<\/span><\/p>\n<p class=\"MsoNormal\" style=\"margin-bottom:6.0pt;text-align:justify;text-indent:\n17.85pt;background:white\"><span style=\"font-size:10.0pt;font-family:Verdana;\ncolor:black\">W rodzinnym domu ks. J&oacute;zefa Matuszka, odby\u0142a si\u0119 wielka uroczysto\u015b\u0107 religijna. Matka ks. uko\u0144czy\u0142a sto lat \u017cycia. Na t\u0119 okoliczno\u015b\u0107 ks. biskup zezwoli\u0142 na odprawienie Mszy \u015bw. w domu chorej jubilatki. Msz\u0119 \u015bw. celebrowa\u0142 syn, ks. J&oacute;zef przebywaj\u0105cy od jakiego\u015b ju\u017c czasu w domu na emeryturze, kazanie wyg\u0142osi\u0142 ks. Franciszek Misi\u0105g prof. Seminarium Duch. w Przemy\u015blu, by\u0142o 8 kap\u0142an&oacute;w, krewni, przyjaciele, znajomi.<\/span><\/p>\n<p class=\"MsoNormal\" style=\"margin-bottom:6.0pt;text-align:justify;text-indent:\n17.85pt;background:white\"><span style=\"font-size:10.0pt;font-family:Verdana;\ncolor:black\">Trwaj\u0105 przygotowania do konsekracji ko\u015bcio\u0142a. Odkupiono od parafii w Trzebownisku &bdquo;zacheuszki&quot;. Metalowe tabernakulum zosta\u0142o wykonane w Przemy\u015blu przez z\u0142otnika, p. Opryszko.<\/span><\/p>\n<p class=\"MsoNormal\" style=\"margin-bottom:6.0pt;text-align:justify;text-indent:\n17.85pt;background:white\"><span style=\"font-size:10.0pt;font-family:Verdana;\ncolor:black\">P\u0142yta mensy o\u0142tarzowej ca\u0142a z kamienia piaskowca &#8211; zosta\u0142a wykonana przez p. Janika w Rzeszowie.<\/span><\/p>\n<p class=\"MsoNormal\" style=\"margin-bottom:6.0pt;text-align:justify;text-indent:\n17.85pt;background:white\"><span style=\"font-size:10.0pt;font-family:Verdana;\ncolor:black\">Odnowiona &#8211; poz\u0142ocona &#8211; zosta\u0142a monstrancja, a tak\u017ce kielich mszalny, (p. Konopelski w Przemy\u015blu).<\/span><\/p>\n<p class=\"MsoNormal\" style=\"margin-bottom:6.0pt;text-align:justify;text-indent:\n17.85pt;background:white\"><span style=\"font-size:10.0pt;font-family:Verdana;\ncolor:black\">27 sierpnia odby\u0142a si\u0119 uroczysto\u015b\u0107 konsekracji ko\u015bcio\u0142a i o\u0142tarza, kt&oacute;rej dokona\u0142 Ks. Bp Stanis\u0142aw Jakiel. Konsekracja o\u0142tarza rozpocz\u0119\u0142a si\u0119 o godzinie &oacute;smej od wmurowania w grobku p\u0142yty o\u0142tarzowej relikwii \u015bw.\u015bw. M\u0119czennik&oacute;w Floriana i Walentego. \u015aciany ko\u015bcio\u0142a w miejscach gdzie umieszczone s\u0105 &bdquo;zacheuszki, zosta\u0142y przez ksi\u0119dza biskupa namaszczone \u015bw. olejem. 12 zacheuszk&oacute;w przypomina 12 aposto\u0142&oacute;w &#8211; filary Ko\u015bcio\u0142a. Zmieniony zosta\u0142 tytu\u0142 ko\u015bcio\u0142a &#8211; z parafii Matki Bo\u017cej Szkaplerznej na Niepokalane Serce Naj\u015bwi\u0119tszej Maryi Panny.<\/span><\/p>\n<p class=\"MsoNormal\" style=\"margin-bottom:6.0pt;text-align:justify;text-indent:\n17.85pt;background:white\"><span style=\"font-size:10.0pt;font-family:Verdana;\ncolor:black\">Uroczyste Te Deum zako\u0144czy\u0142o t\u0119 podnios\u0142\u0105 uroczysto\u015b\u0107, w kt&oacute;rej uczestniczy\u0142o kilkunastu kap\u0142an&oacute;w i prawie ca\u0142a Parafia.<\/span><\/p>\n<p class=\"MsoNormal\" style=\"margin-bottom:6.0pt;text-align:justify;text-indent:\n17.85pt;background:white\"><span style=\"font-size:10.0pt;font-family:Verdana;\ncolor:black\">W tym roku zosta\u0142y zelektryfikowane Budy i Korniakt&oacute;w. Na plebanii ju\u017c \u015bwieci \u015bwiat\u0142o. Ko\u015bci&oacute;\u0142 jeszcze musi poczeka\u0107, bo plany elektryfikacji jeszcze nie gotowe.<\/span><\/p>\n<p class=\"MsoNormal\" style=\"margin-bottom:6.0pt;text-align:justify;text-indent:\n17.85pt;background:white\"><span style=\"font-size:10.0pt;font-family:Verdana;\ncolor:black\">W tym roku urodzi\u0142o si\u0119 i zosta\u0142o ochrzczonych 45 dzieci, \u015blub&oacute;w by\u0142o 16, a pogrzeb&oacute;w 14.<\/span><\/p>\n<p class=\"MsoNormal\" style=\"margin-bottom:6.0pt;text-align:justify;text-indent:\n17.85pt;background:white\">&nbsp;<\/p>\n<table border=\"0\" cellpadding=\"1\" cellspacing=\"1\" style=\"width: 100%;\">\n<tbody>\n<tr>\n<td><a href=\"http:\/\/www.budylancuckie.przemyska.pl\/?page_id=967\"><strong>Lata 1952 &#8211; 1956<br \/>\n\t\t\t\t<\/strong><\/a><\/td>\n<td style=\"text-align: right;\"><a href=\"http:\/\/www.budylancuckie.przemyska.pl\/?page_id=972\"><strong>Lata 1962 &#8211; 1966<br \/>\n\t\t\t\t<\/strong><\/a><\/td>\n<\/tr>\n<\/tbody>\n<\/table>\n","protected":false},"excerpt":{"rendered":"<p>Rok 1957 rozpocz\u0105\u0142 si\u0119 niepomy\u015blnie dla Ko\u015bcio\u0142a w Polsce. Pa\u0144stwo ingeruje we finanse, \u017c\u0105da prowadzenia ksi\u0105g rachunkowych, rozliczania si\u0119 ze sk\u0142adek, z wszelkich dochod&oacute;w i rozchod&oacute;w. Dochody parafii s\u0105 opodatkowane &hellip; <a href=\"https:\/\/budy.przemyska.pl\/index.php\/z-kroniki-budzkiej-parafii\/kronika-lata-1957-1961\/\" class=\"more-link\">Czytaj dalej <span class=\"screen-reader-text\">Kronika \u2013 lata 1957 \u2013 1961<\/span> <span class=\"meta-nav\">&rarr;<\/span><\/a><\/p>\n","protected":false},"author":1,"featured_media":0,"parent":861,"menu_order":8,"comment_status":"closed","ping_status":"closed","template":"","meta":{"footnotes":""},"class_list":["post-970","page","type-page","status-publish","hentry"],"_links":{"self":[{"href":"https:\/\/budy.przemyska.pl\/index.php\/wp-json\/wp\/v2\/pages\/970","targetHints":{"allow":["GET"]}}],"collection":[{"href":"https:\/\/budy.przemyska.pl\/index.php\/wp-json\/wp\/v2\/pages"}],"about":[{"href":"https:\/\/budy.przemyska.pl\/index.php\/wp-json\/wp\/v2\/types\/page"}],"author":[{"embeddable":true,"href":"https:\/\/budy.przemyska.pl\/index.php\/wp-json\/wp\/v2\/users\/1"}],"replies":[{"embeddable":true,"href":"https:\/\/budy.przemyska.pl\/index.php\/wp-json\/wp\/v2\/comments?post=970"}],"version-history":[{"count":0,"href":"https:\/\/budy.przemyska.pl\/index.php\/wp-json\/wp\/v2\/pages\/970\/revisions"}],"up":[{"embeddable":true,"href":"https:\/\/budy.przemyska.pl\/index.php\/wp-json\/wp\/v2\/pages\/861"}],"wp:attachment":[{"href":"https:\/\/budy.przemyska.pl\/index.php\/wp-json\/wp\/v2\/media?parent=970"}],"curies":[{"name":"wp","href":"https:\/\/api.w.org\/{rel}","templated":true}]}}