{"id":838,"date":"2012-09-23T00:34:41","date_gmt":"2012-09-22T22:34:41","guid":{"rendered":"http:\/\/www.budylancuckie.przemyska.pl\/?page_id=838"},"modified":"2012-09-23T00:34:41","modified_gmt":"2012-09-22T22:34:41","slug":"galeria-dzwiekow","status":"publish","type":"page","link":"https:\/\/budy.przemyska.pl\/index.php\/galerie-2\/galeria-dzwiekow\/","title":{"rendered":"Galeria d\u017awi\u0119k\u00f3w"},"content":{"rendered":"<p>Galeria b\u0119dzie zawiera\u0142a zbi&oacute;r d\u017awi\u0119k&oacute;w zwi\u0105zanych z wydarzeniami w parafii oraz dotycz\u0105cych dzia\u0142alno\u015bci poszczeg&oacute;lnych grup parafialnych.<\/p>\n<p>&nbsp;<\/p>\n<hr \/>\n<h2>Psalmy i pie\u015bni w wykonaniu <a href=\"http:\/\/www.budylancuckie.przemyska.pl\/?page_id=647\">scholi dzieci\u0119cej<\/a><\/h2>\n<h3>Psalmy:<\/h3>\n<p style=\"margin-left: 40px;\"><a href=\"http:\/\/www.budylancuckie.przemyska.pl\/wp-content\/media\/media\/schola_dziecieca_psalm_001.mp3\">Psalm pierwszy<\/a><\/p>\n<p style=\"margin-left: 40px;\"><a href=\"http:\/\/www.budylancuckie.przemyska.pl\/wp-content\/media\/media\/schola_dziecieca_psalm_002.mp3\">Psalm drugi<\/a><\/p>\n<h3>Pie\u015bni:<\/h3>\n<p style=\"margin-left: 40px;\"><a href=\"http:\/\/www.budylancuckie.przemyska.pl\/wp-content\/media\/media\/schola_dziecieca_piesn_001.mp3\">Rado\u015bnie Panu hymn \u015bpiewajmy<br \/>\n\t<\/a><\/p>\n<p style=\"margin-left: 40px;\"><a href=\"http:\/\/www.budylancuckie.przemyska.pl\/wp-content\/media\/media\/schola_dziecieca_piesn_002.mp3\">Ave Maria, Gratia Plena Dominus tecum, Benedicta Tu<\/a><\/p>\n<hr \/>\n<h2><a href=\"http:\/\/www.budylancuckie.przemyska.pl\/?page_id=733\">Msza prymicyjna Ojca Fabiana<\/a><\/h2>\n<p style=\"margin-left: 40px;\"><a href=\"http:\/\/www.budylancuckie.przemyska.pl\/wp-content\/media\/media\/prymicje_fabian_wikiera_orkiestra_barka.mp3\">Barka w wykonaniu orkiestry u\u015bwietniaj\u0105cej Msz\u0119 \u015aw.<br \/>\n\t<\/a><\/p>\n<p style=\"margin-left: 40px;\"><a href=\"http:\/\/www.budylancuckie.przemyska.pl\/wp-content\/media\/media\/prymicje_fabian_wikiera_powitanie_przez_dzieci.mp3\">Powitanie Ojca Fabiana przez dzieci<br \/>\n\t<\/a><\/p>\n<p style=\"margin-left: 40px;\"><a href=\"http:\/\/www.budylancuckie.przemyska.pl\/wp-content\/media\/media\/prymicje_fabian_wikiera_powitanie_przez_mlodziez.mp3\">Powitanie Ojca Fabiana przez m\u0142odzie\u017c<\/a><\/p>\n<p style=\"margin-left: 40px;\"><a href=\"http:\/\/www.budylancuckie.przemyska.pl\/wp-content\/media\/media\/prymicje_fabian_wikiera_powitanie_przez_parafian.mp3\">Powitanie Ojca Fabiana przez parafian<br \/>\n\t<\/a><\/p>\n<p style=\"margin-left: 40px;\"><a href=\"http:\/\/www.budylancuckie.przemyska.pl\/wp-content\/media\/media\/prymicje_fabian_wikiera_powitanie_przez_ks_proboszcza.mp3\">Powitanie Ojca Fabiana przez Ksi\u0119dza Proboszcza Kazimierza Kopcia<br \/>\n\t<\/a><\/p>\n<p style=\"margin-left: 40px;\"><a href=\"http:\/\/www.budylancuckie.przemyska.pl\/wp-content\/media\/media\/prymicje_fabian_wikiera_piesn_fmo_01.mp3\">Franciszka\u0144ska M\u0142odzie\u017c Oazowa &#8211; pie\u015b\u0144 pierwsza<br \/>\n\t<\/a><\/p>\n<p style=\"margin-left: 40px;\"><a href=\"http:\/\/www.budylancuckie.przemyska.pl\/wp-content\/media\/media\/prymicje_fabian_wikiera_slowo_wstepne.mp3\">S\u0142owo wst\u0119pne Ojca Fabiana<br \/>\n\t<\/a><\/p>\n<p style=\"margin-left: 40px;\"><a href=\"http:\/\/www.budylancuckie.przemyska.pl\/wp-content\/media\/media\/prymicje_fabian_wikiera_piesn_fmo_02.mp3\">Franciszka\u0144ska M\u0142odzie\u017c Oazowa &#8211; pie\u015b\u0144 druga<br \/>\n\t<\/a><\/p>\n<p style=\"margin-left: 40px;\"><a href=\"http:\/\/www.budylancuckie.przemyska.pl\/wp-content\/media\/media\/prymicje_fabian_wikiera_piesn_fmo_03_psalm.mp3\">Franciszka\u0144ska M\u0142odzie\u017c Oazowa &#8211; psalm<br \/>\n\t<\/a><\/p>\n<p style=\"margin-left: 40px;\"><a href=\"http:\/\/www.budylancuckie.przemyska.pl\/wp-content\/media\/media\/prymicje_fabian_wikiera_kazania_ojciec_nikodem_sobczynski.mp3\">Kazanie Ojca Nikodema Sobczy\u0144skiego<br \/>\n\t<\/a><\/p>\n<p style=\"margin-left: 40px;\"><a href=\"http:\/\/www.budylancuckie.przemyska.pl\/wp-content\/media\/media\/prymicje_fabian_wikiera_piesn_fmo_04.mp3\">Franciszka\u0144ska M\u0142odzie\u017c Oazowa &#8211; pie\u015b\u0144 trzecia<br \/>\n\t<\/a><\/p>\n<p style=\"margin-left: 40px;\"><a href=\"http:\/\/www.budylancuckie.przemyska.pl\/wp-content\/media\/media\/prymicje_fabian_wikiera_podziekowania.mp3\">Podzi\u0119kowania Ojca Fabiana<br \/>\n\t<\/a><\/p>\n<hr \/>\n<h2>R&oacute;\u017cne:<\/h2>\n<p style=\"margin-left: 40px;\"><a href=\"http:\/\/www.budylancuckie.przemyska.pl\/wp-content\/media\/media\/SiostraEstera-Budy-20120701.mp3\">Opowie\u015b\u0107 Siostry Estery o pracy misyjnej w Demokratycznej Republice Kongo<br \/>\n\t<\/a><\/p>\n<p style=\"margin-left: 40px;\"><a href=\"http:\/\/www.budylancuckie.przemyska.pl\/wp-content\/media\/media\/rys_historyczny_parafii_ks_kazimierz_kopec.mp3\">Rys historyczny parafii opowiedziany przez Ksi\u0119dza Proboszcza Kazimierza Kopcia<br \/>\n\t<\/a><\/p>\n<p style=\"margin-left: 40px;\"><a href=\"http:\/\/www.budylancuckie.przemyska.pl\/wp-content\/media\/media\/akcja_katolicka_parafii_informacje.mp3\">Przedstawienie informacji z dzia\u0142alno\u015bci parafialnej grupy Akcji Katolickiej<br \/>\n\t<\/a><\/p>\n<p style=\"margin-left: 40px;\">&nbsp;<\/p>\n<hr \/>\n","protected":false},"excerpt":{"rendered":"<p>Galeria b\u0119dzie zawiera\u0142a zbi&oacute;r d\u017awi\u0119k&oacute;w zwi\u0105zanych z wydarzeniami w parafii oraz dotycz\u0105cych dzia\u0142alno\u015bci poszczeg&oacute;lnych grup parafialnych. &nbsp; Psalmy i pie\u015bni w wykonaniu scholi dzieci\u0119cej Psalmy: Psalm pierwszy Psalm drugi Pie\u015bni: &hellip; <a href=\"https:\/\/budy.przemyska.pl\/index.php\/galerie-2\/galeria-dzwiekow\/\" class=\"more-link\">Czytaj dalej <span class=\"screen-reader-text\">Galeria d\u017awi\u0119k\u00f3w<\/span> <span class=\"meta-nav\">&rarr;<\/span><\/a><\/p>\n","protected":false},"author":1,"featured_media":0,"parent":81,"menu_order":0,"comment_status":"closed","ping_status":"closed","template":"","meta":{"footnotes":""},"class_list":["post-838","page","type-page","status-publish","hentry"],"_links":{"self":[{"href":"https:\/\/budy.przemyska.pl\/index.php\/wp-json\/wp\/v2\/pages\/838","targetHints":{"allow":["GET"]}}],"collection":[{"href":"https:\/\/budy.przemyska.pl\/index.php\/wp-json\/wp\/v2\/pages"}],"about":[{"href":"https:\/\/budy.przemyska.pl\/index.php\/wp-json\/wp\/v2\/types\/page"}],"author":[{"embeddable":true,"href":"https:\/\/budy.przemyska.pl\/index.php\/wp-json\/wp\/v2\/users\/1"}],"replies":[{"embeddable":true,"href":"https:\/\/budy.przemyska.pl\/index.php\/wp-json\/wp\/v2\/comments?post=838"}],"version-history":[{"count":0,"href":"https:\/\/budy.przemyska.pl\/index.php\/wp-json\/wp\/v2\/pages\/838\/revisions"}],"up":[{"embeddable":true,"href":"https:\/\/budy.przemyska.pl\/index.php\/wp-json\/wp\/v2\/pages\/81"}],"wp:attachment":[{"href":"https:\/\/budy.przemyska.pl\/index.php\/wp-json\/wp\/v2\/media?parent=838"}],"curies":[{"name":"wp","href":"https:\/\/api.w.org\/{rel}","templated":true}]}}