{"id":78,"date":"2011-05-20T22:06:21","date_gmt":"2011-05-20T20:06:21","guid":{"rendered":"http:\/\/www.budylancuckie.przemyska.pl\/?page_id=78"},"modified":"2011-05-20T22:06:21","modified_gmt":"2011-05-20T20:06:21","slug":"kosciol-2","status":"publish","type":"page","link":"https:\/\/budy.przemyska.pl\/index.php\/kosciol-2\/","title":{"rendered":"Ko\u015bci\u00f3\u0142"},"content":{"rendered":"<p>Na tej stronie znajd\u0105 si\u0119 dok\u0142adne informacje na temat ko\u015bcio\u0142a naszej parafii i jego otoczenia. Zamieszczone zostan\u0105 zdj\u0119cia w tym r&oacute;wnie\u017c z miejsc, gdzie wi\u0119kszo\u015b\u0107 parafina nigdy nie by\u0142a i raczej nie b\u0119dzie.<\/p>\n<p>Dodatkowo mo\u017ce dzi\u0119ki parafianom i ich archiwalnym zdj\u0119ciom uda si\u0119 stworzy\u0107 taki zdj\u0119ciowy album jak ko\u015bci&oacute;\u0142, otoczenie, parafia si\u0119 zmienia\u0142y przez wszystkie lata. Dlatego jak ruszy strona mo\u017ce uda si\u0119 takie zdj\u0119cia pozyska\u0107, zeskanowa\u0107 i zamie\u015bci\u0107 w galerii. Przy ka\u017cdym zdj\u0119ciu widnia\u0142aby z imienia i nazwiska osoba, z kt&oacute;rej zbior&oacute;w dane zdj\u0119cie pochodzi. Wcze\u015bniej jednak zasoby parafialne zostan\u0105 przegl\u0105dni\u0119te i wybrane zdj\u0119cia zostan\u0105 opublikowane.<\/p>\n","protected":false},"excerpt":{"rendered":"<p>Na tej stronie znajd\u0105 si\u0119 dok\u0142adne informacje na temat ko\u015bcio\u0142a naszej parafii i jego otoczenia. Zamieszczone zostan\u0105 zdj\u0119cia w tym r&oacute;wnie\u017c z miejsc, gdzie wi\u0119kszo\u015b\u0107 parafina nigdy nie by\u0142a i &hellip; <a href=\"https:\/\/budy.przemyska.pl\/index.php\/kosciol-2\/\" class=\"more-link\">Czytaj dalej <span class=\"screen-reader-text\">Ko\u015bci\u00f3\u0142<\/span> <span class=\"meta-nav\">&rarr;<\/span><\/a><\/p>\n","protected":false},"author":1,"featured_media":0,"parent":0,"menu_order":0,"comment_status":"closed","ping_status":"closed","template":"","meta":{"footnotes":""},"class_list":["post-78","page","type-page","status-publish","hentry"],"_links":{"self":[{"href":"https:\/\/budy.przemyska.pl\/index.php\/wp-json\/wp\/v2\/pages\/78","targetHints":{"allow":["GET"]}}],"collection":[{"href":"https:\/\/budy.przemyska.pl\/index.php\/wp-json\/wp\/v2\/pages"}],"about":[{"href":"https:\/\/budy.przemyska.pl\/index.php\/wp-json\/wp\/v2\/types\/page"}],"author":[{"embeddable":true,"href":"https:\/\/budy.przemyska.pl\/index.php\/wp-json\/wp\/v2\/users\/1"}],"replies":[{"embeddable":true,"href":"https:\/\/budy.przemyska.pl\/index.php\/wp-json\/wp\/v2\/comments?post=78"}],"version-history":[{"count":0,"href":"https:\/\/budy.przemyska.pl\/index.php\/wp-json\/wp\/v2\/pages\/78\/revisions"}],"wp:attachment":[{"href":"https:\/\/budy.przemyska.pl\/index.php\/wp-json\/wp\/v2\/media?parent=78"}],"curies":[{"name":"wp","href":"https:\/\/api.w.org\/{rel}","templated":true}]}}