{"id":535,"date":"2012-03-02T22:30:17","date_gmt":"2012-03-02T21:30:17","guid":{"rendered":"http:\/\/www.budylancuckie.przemyska.pl\/?page_id=535"},"modified":"2012-03-02T22:30:17","modified_gmt":"2012-03-02T21:30:17","slug":"rozaniec-nawiedzenia-2003-rok","status":"publish","type":"page","link":"https:\/\/budy.przemyska.pl\/index.php\/o-parafii-2\/wazne-wydarzenia\/rozaniec-nawiedzenia-2003-rok\/","title":{"rendered":"R\u00f3\u017caniec Nawiedzenia 2003 rok"},"content":{"rendered":"<p>[singlepic id=193 w=120 h=190 float=left]R&oacute;\u017caniec jest jedn\u0105 z tradycyjnych dr&oacute;g modlitwy chrze\u015bcija\u0144skiej stosowanej do kontemplowania oblicza Chrystusa. Tak opisa\u0142 go Papie\u017c Pawe\u0142 VI: &bdquo;R&oacute;\u017caniec, poniewa\u017c opiera si\u0119 na Ewangelii i odnosi si\u0119, jakby do centrum, do tajemnicy Wcielenia i Odkupienia ludzi, trzeba uwa\u017ca\u0107 za modlitw\u0119, kt&oacute;ra w pe\u0142ni posiada znami\u0119 chrystologiczne. Albowiem jego charakterystyczny element, mianowicie litanijne powtarzanie pozdrowienia anielskiego &#39;Zdrowa\u015b Maryjo&#39;, przynosi r&oacute;wnie\u017c nieustann\u0105 chwa\u0142\u0119 Chrystusowi, do kt&oacute;rego &#8211; jako do ostatecznego kresu &#8211; odnosi si\u0119 zapowied\u017a anio\u0142a i pozdrowienie matki Chrzciciela: &#39;B\u0142ogos\u0142awiony owoc \u017cywota Twojego&#39; (\u0141k 1, 42). Co wi\u0119cej, powtarzanie s\u0142&oacute;w &#39;Zdrowa\u015b Maryjo&#39; jest jakby kanw\u0105, na kt&oacute;rej rozwija si\u0119 kontemplacja tajemnic. Chrystus bowiem wskazywany w ka\u017cdym pozdrowieniu anielskim jest tym samym Chrystusem, kt&oacute;rego kolejno wypowiadane tajemnice ukazuj\u0105 jako Syna Bo\u017cego i jako Syna Dziewicy&quot;.\/RV M &ndash; L. A 2002\/.<\/p>\n<table border=\"0\" cellpadding=\"1\" cellspacing=\"1\" style=\"width: 100%;\">\n<tbody>\n<tr>\n<td style=\"text-align: center;\">\n<hr \/>\n<\/td>\n<\/tr>\n<tr>\n<td style=\"text-align: center;\"><strong>TAJEMNICE RADOSNE<br \/>\n\t\t\t\t<\/strong><\/td>\n<\/tr>\n<tr>\n<td>&nbsp;<\/td>\n<\/tr>\n<tr>\n<td style=\"text-align: justify;\">[singlepic id=194 w=120 h=190 float=left]<strong>I.<\/strong> &bdquo;B&oacute;g pos\u0142a\u0142 anio\u0142a Gabriela do Maryi w Nazarecie&#8230; B\u0105d\u017a pozdrowiona, pe\u0142na \u0142aski, Pan z Tob\u0105&#8230;.Oto poczniesz i porodzisz Syna, kt&oacute;remu nadasz imi\u0119 Jezus&#8230;. Na to Maryja rzek\u0142a: oto ja s\u0142u\u017cebnica Pa\u0144ska, niech mi si\u0119 stanie wed\u0142ug twego s\u0142owa!..&rdquo; Pozdrowienie Dziewicy z Nazaretu przez Gabriela \u0142\u0105czy si\u0119 z wezwaniem do rado\u015bci mesja\u0144skiej: &bdquo;Raduj si\u0119, Maryjo&quot;. W tej zapowiedzi osi\u0105ga sw&oacute;j cel ca\u0142a historia zbawienia a nawet poniek\u0105d sama historia \u015bwiata. Je\u015bli bowiem planem Ojca jest zjednoczenie wszystkiego w Chrystusie (por. Ef 1, 10), to w jaki\u015b spos&oacute;b ca\u0142ego wszech\u015bwiata dosi\u0119ga Boska \u0142askawo\u015b\u0107, z jak\u0105 Ojciec pochyla si\u0119 nad Maryj\u0105, by uczyni\u0107 J\u0105 Matk\u0105 swego Syna. Ca\u0142a ludzko\u015b\u0107 jest niejako obj\u0119ta owym fiat -&#39;niech si\u0119 stanie&#39; &#8211; kt&oacute;rym z gotowo\u015bci\u0105 odpowiada Ona na wol\u0119 Boga. \/Rosarium Virginis Mariae\/.<\/td>\n<\/tr>\n<tr>\n<td>&nbsp;<\/td>\n<\/tr>\n<tr>\n<td style=\"text-align: justify;\">[singlepic id=195 w=120 h=190 float=left]<strong>II.<\/strong> &bdquo;&#8230;Maryja wybra\u0142a si\u0119 i posz\u0142a z po\u015bpiechem&#8230;., Wesz\u0142a do domu Zachariasza i pozdrowi\u0142a El\u017cbiet\u0119. Gdy El\u017cbieta us\u0142ysza\u0142a pozdrowienie Maryi, poruszy\u0142o si\u0119 dzieci\u0105tko w jej \u0142onie, a Duch \u015awi\u0119ty nape\u0142ni\u0142 El\u017cbiet\u0119&#8230;.A sk\u0105d\u017ce mi to, \u017ce Matka Pana mojego przychodzi do mnie?&#8230;&#8230; Maryja rzek\u0142a: Wielbi dusza moja Pana&#8230;.gdy\u017c wielkie rzeczy uczyni\u0142 mi Wszechmocny, \u015awi\u0119te jest Jego Imi\u0119&#8230;. a swoje mi\u0142osierdzie na pokolenia i pokolenia [zachowuje] dla tych, kt&oacute;rzy si\u0119 Go boj\u0105&#8230;..&rdquo; Maryja nawiedza nas nie tylko w kopii cudownego wizerunku Jasnog&oacute;rskiej Pani. B&oacute;g posy\u0142a Maryj\u0119,&nbsp; aby nam przypomnie\u0107: Zr&oacute;bcie wszystko cokolwiek powie wam Jezus. Za El\u017cbiet\u0105 mog\u0119 powtarza\u0107 &ndash; A sk\u0105d\u017ce tak wielka \u0142aska, \u017ce Matka Jezusa przychodzi do mnie. Maryja przygotowuje mnie na spotkanie z Bogiem.<\/td>\n<\/tr>\n<tr>\n<td>&nbsp;<\/td>\n<\/tr>\n<tr>\n<td style=\"text-align: justify;\">[singlepic id=196 w=120 h=190 float=left]<strong>III.<\/strong> &bdquo;&#8230;Dla Maryi nadszed\u0142 czas rozwi\u0105zania. Porodzi\u0142a swego pierworodnego Syna, owin\u0119\u0142a Go w pieluszki i po\u0142o\u017cy\u0142a w \u017c\u0142obie, gdy\u017c nie by\u0142o dla nich miejsca w gospodzie&#8230;.Chwa\u0142a Bogu na wysoko\u015bciach, a na ziemi pok&oacute;j ludziom Jego upodobania&#8230;&rdquo; (\u0141k 2,6 i 14). B&oacute;g sta\u0142 si\u0119 cz\u0142owiekiem, aby nas uczyni\u0107 dzie\u0107mi Bo\u017cymi. Czyni to przez sakramenty \u015bwi\u0119te. Gdy je przyjmujemy &ndash; pozwalamy Jezusowi przebywa\u0107 w naszych sercach. Czy w moim sercu jest miejsce dla Jezusa?<\/td>\n<\/tr>\n<tr>\n<td>&nbsp;<\/td>\n<\/tr>\n<tr>\n<td style=\"text-align: justify;\">[singlepic id=197 w=120 h=190 float=left]<strong>IV.<\/strong> &bdquo;..Gdy Rodzice wnosili Dzieci\u0105tko Jezus, aby post\u0105pi\u0107 z Nim wed\u0142ug zwyczaju Prawa, on [starzec Symeon] wzi\u0105\u0142 Je w obj\u0119cia, b\u0142ogos\u0142awi\u0142 Boga i m&oacute;wi\u0142: Teraz o W\u0142adco, pozw&oacute;l odej\u015b\u0107 s\u0142udze Twemu w pokoju, wed\u0142ug Twego s\u0142owa. Bo moje oczy ujrza\u0142y Twoje zbawienie, kt&oacute;re\u015b przygotowa\u0142 wobec wszystkich narod&oacute;w; \u015bwiat\u0142o na o\u015bwiecenie pogan i chwa\u0142\u0119 ludu Twego Izraela&#8230;.&rdquo; Maryja w imieniu ca\u0142ej ludzko\u015bci przedstawia Bogu dar, ofiar\u0119, kt&oacute;rej dope\u0142nienie dokona si\u0119 na krzy\u017cu. &bdquo;..Twoj\u0105 dusz\u0119 miecz bole\u015bci przeniknie..&rdquo;&nbsp; Jaki dar wraz z Maryj\u0105 mog\u0119 z\u0142o\u017cy\u0107 Bogu?&#8230;.<\/td>\n<\/tr>\n<tr>\n<td>&nbsp;<\/td>\n<\/tr>\n<tr>\n<td style=\"text-align: justify;\">[singlepic id=198 w=120 h=190 float=left]<strong>V.<\/strong> &bdquo;&#8230;Dopiero po trzech dniach odnale\u017ali Go w \u015bwi\u0105tyni, gdzie siedzia\u0142 mi\u0119dzy nauczycielami, przys\u0142uchiwa\u0142 si\u0119 im i zadawa\u0142 pytania&#8230;&#8230;.&gt;Czemu\u015bcie Mnie szukali? Czy nie wiedzieli\u015bcie, \u017ce powinienem by\u0107 w tym co nale\u017cy do Mego Ojca?&lt;&nbsp; Oni jednak nie zrozumieli tego, co im powiedzia\u0142&#8230;&rdquo;.(\u0141k 2.46,49-50). Gdy szukasz Boga, popatrz na kwiaty, popatrz na g&oacute;ry&#8230;, tak poucza piosenka. Chcesz by\u0107 blisko Boga, b\u0105d\u017a blisko Maryi. Gdy zapomnisz o Bogu, nie zapominaj o Maryi. Gdy utracisz kontakt z Bogiem, szukaj kontaktu z Maryj\u0105. Gdy zgubisz Boga, pro\u015b Maryj\u0119, by Ci\u0119 do Niego doprowadzi\u0142a.<\/td>\n<\/tr>\n<tr>\n<td>&nbsp;<\/td>\n<\/tr>\n<tr>\n<td>\n<hr \/>\n<\/td>\n<\/tr>\n<tr>\n<td style=\"text-align: center;\"><strong>TAJEMNICE \u015aWIAT\u0141A<br \/>\n\t\t\t\t<\/strong><\/td>\n<\/tr>\n<tr>\n<td>&nbsp;<\/td>\n<\/tr>\n<tr>\n<td style=\"text-align: justify;\">[singlepic id=199 w=120 h=190 float=left]<strong>I.<\/strong> W chrzcie Chrystusa grzechy ca\u0142ej ludzko\u015bci, ka\u017cdego cz\u0142owieka zosta\u0142y zanurzone w wodzie Jordanu. Gdy&nbsp; Jezus umrze na krzy\u017cu wszystkie grzechy zostan\u0105 zg\u0142adzone.&nbsp; Krew i woda wyp\u0142ywaj\u0105ce z przebitego na krzy\u017cu Serca Jezusowego, nada\u0142y wszystkim wodom chrzcielnym&nbsp; moc g\u0142adzenia grzech&oacute;w. W czasie chrztu \u015bwi\u0119tego sta\u0142em si\u0119 dzieckiem Bo\u017cym. Mam prawo nazywa\u0107 Boga Ojcem. Mam obowi\u0105zek piel\u0119gnowa\u0107 w sobie obraz Bo\u017cy.<\/td>\n<\/tr>\n<tr>\n<td>&nbsp;<\/td>\n<\/tr>\n<tr>\n<td style=\"text-align: justify;\">[singlepic id=200 w=120 h=190 float=left]<strong>II.<\/strong> B&oacute;g stwarzaj\u0105c pierwszych ludzi, ustanowi\u0142 ma\u0142\u017ce\u0144stwo. Powiedzia\u0142 do nich: &bdquo; &#8230;b\u0105d\u017acie p\u0142odni&#8230;,aby\u015bcie zaludnili ziemi\u0119,&#8230; czy\u0144cie j\u0105 sobie poddan\u0105&#8230;&rdquo;. Ka\u017cdy cz\u0142owiek przychodzi na \u015bwiat w rodzinie. Obecno\u015b\u0107 Jezusa na weselu w Kanie,&nbsp; przemieniaj\u0105cego wod\u0119 w wino, otwiera serca wszystkich ludzi na wiar\u0119. Jak\u017ce dzi\u015b konieczna jest \u015bwiadomo\u015b\u0107 obecno\u015bci Boga &#8211; Mi\u0142o\u015bci w ka\u017cdej rodzinie chrze\u015bcija\u0144skiej! Czy zdajesz sobie spraw\u0119, \u017ce zawieraj\u0105c ma\u0142\u017ce\u0144stwo sakramentalne mo\u017cesz zaprosi\u0107 Jezusa do waszej rodziny?<\/td>\n<\/tr>\n<tr>\n<td>&nbsp;<\/td>\n<\/tr>\n<tr>\n<td style=\"text-align: justify;\">[singlepic id=201 w=120 h=190 float=left]<strong>III.<\/strong> Jezus nauczaj\u0105c; g\u0142osi nadej\u015bcie Kr&oacute;lestwa Bo\u017cego, wzywa do nawr&oacute;cenia, sam odpuszcza grzechy, tym kt&oacute;rzy si\u0119 do Niego zbli\u017caj\u0105 z ufno\u015bci\u0105, daj\u0105c pocz\u0105tek tajemnicy mi\u0142osierdzia, kt&oacute;r\u0105 On sam b\u0119dzie realizowa\u0142 a\u017c do sko\u0144czenia \u015bwiata, szczeg&oacute;lnie poprzez powierzony Ko\u015bcio\u0142owi Sakrament Pojednania.\/List Apost\/.<br \/>\n\t\t\t\tS\u0142owo Bo\u017ce czytane, s\u0142yszane, rozwa\u017cane wzywa mnie do nawr&oacute;cenia, do porzucenia drogi grzechu, a wybrania drogi Przykaza\u0144. Jak d\u0142ugo Jezus mo\u017ce czeka\u0107 na moje nawr&oacute;cenie? Kiedy naprawd\u0119 przyjm\u0119 Jego S\u0142owo i powstan\u0119 z grzechu do nowego \u017cycia?<\/td>\n<\/tr>\n<tr>\n<td>&nbsp;<\/td>\n<\/tr>\n<tr>\n<td style=\"text-align: justify;\">[singlepic id=202 w=120 h=190 float=left]<strong>IV.<\/strong> Przemienienie na G&oacute;rze Tabor roz\u015bwietla Oblicze Chrystusa i ukazuje chwa\u0142\u0119 B&oacute;stwa, kiedy Ojciec wzywa Aposto\u0142&oacute;w, by Go s\u0142uchali i przygotowuje ich do prze\u017cycia bolesnej tajemnicy m\u0119ki i \u015bmierci, a tak\u017ce do rado\u015bci zmartwychwstania i do \u017cycia przemienionego przez Ducha \u015awi\u0119tego. Tajemnica Przemienienia utwierdza nas w wierze, \u017ce Jezus jest prawdziwym Bogiem. Chocia\u017c nie mo\u017cemy Go dotkn\u0105\u0107, us\u0142ysze\u0107, jest w nas pewno\u015b\u0107, \u017ce to B&oacute;g prawdziwy jest w\u015br&oacute;d nas. Jezu umocnij moj\u0105 wiar\u0119.<\/td>\n<\/tr>\n<tr>\n<td>&nbsp;<\/td>\n<\/tr>\n<tr>\n<td>[singlepic id=203 w=120 h=190 float=left]<strong>V.<\/strong> Ustanawiaj\u0105c Eucharysti\u0119, Jezus ze swym Cia\u0142em i Krwi\u0105 pod postaciami chleba i wina, staje si\u0119 naszym pokarmem, daje \u015bwiadectwo, \u017ce &bdquo;do ko\u0144ca nas umi\u0142owa\u0142&rdquo;. Uczestnicz\u0105c w Eucharystii, karmi\u0105c si\u0119 Jego Cia\u0142em i Krwi\u0105, odwzajemniamy mi\u0142o\u015b\u0107. Czy jest we mnie pragnienie zjednoczenia z Chrystusem?<\/td>\n<\/tr>\n<tr>\n<td>&nbsp;<\/td>\n<\/tr>\n<tr>\n<td>\n<hr \/>\n<\/td>\n<\/tr>\n<tr>\n<td align=\"center\" style=\"text-align: center;\" valign=\"middle\">\n<p><strong>&nbsp;<\/strong>[singlepic id=204 w=120 h=190 float=center]<strong>Matko Bolesna m&oacute;dl si\u0119 za nami. <\/strong><\/p>\n<p><strong>Prowad\u017a nas do Twojego Syna.<br \/>\n\t\t\t\t\t<\/strong><\/p>\n<\/td>\n<\/tr>\n<tr>\n<td>&nbsp;<\/td>\n<\/tr>\n<tr>\n<td>\n<hr \/>\n<\/td>\n<\/tr>\n<tr>\n<td style=\"text-align: center;\"><strong>TAJEMNICE BOLESNE<\/strong><\/td>\n<\/tr>\n<tr>\n<td>&nbsp;<\/td>\n<\/tr>\n<tr>\n<td style=\"text-align: justify;\">[singlepic id=205 w=120 h=190 float=left]<strong>I.<\/strong> Ogr&oacute;d Oliwny &#8211; tu&nbsp; Chrystus prze\u017cywa szczeg&oacute;lnie dr\u0119cz\u0105ce chwile wobec woli Ojca, wzgl\u0119dem kt&oacute;rej s\u0142abo\u015b\u0107 cia\u0142a mog\u0142aby ulec pokusie buntu. Tu Chrystus staje w obliczu wszystkich pokus ludzko\u015bci i wobec wszystkich jej grzech&oacute;w, by powiedzie\u0107 Ojcu: &bdquo;Nie moja wola, lecz Twoja niech si\u0119 sta&shy;nie&quot; (\u0141k 22, 42 i par.). Tu Jezus ma przed oczyma&nbsp; ka\u017cdego cz\u0142owieka, wszystkie nasze dobre i z\u0142e czyny. Jego &bdquo; tak&rdquo; wypowiedziane do Ojca, odwraca &#39;nie&#39; prarodzic&oacute;w w ogrodzie Eden. Pozwala te\u017c nam buntuj\u0105cym si\u0119 przeciw woli Bo\u017cej, zobaczy\u0107 dobro, kt&oacute;re B&oacute;g nam pragnie ofiarowa\u0107.\/por. List Apostolski o R&oacute;\u017ca\u0144cu NMP\/. W modlitwie Jezusa zawarte s\u0105 wszystkie nasze modlitwy; modlitwy chorych, cierpi\u0105cych zrozpaczonych, przera\u017conych, modlitwy pe\u0142ne nadziei,&nbsp; a tak\u017ce poddania si\u0119 woli Bo\u017cej<\/td>\n<\/tr>\n<tr>\n<td>&nbsp;<\/td>\n<\/tr>\n<tr>\n<td style=\"text-align: justify;\">[singlepic id=206 w=120 h=190 float=left]<strong>II.<\/strong> Wed\u0142ug mnie, dzisiaj niemo\u017cliwe jest zachowanie Bo\u017cych przykaza\u0144. Wed\u0142ug mnie cz\u0142owiek ma prawo wierzy\u0107 jak mu si\u0119 podoba, \u017cy\u0107 wed\u0142ug w\u0142asnych zasad, tak jak pokazuje to dzisiejszy \u015bwiat. Bo\u017ce nakazy trzeba zmieni\u0107, a nawet odrzuci\u0107. Je\u015bli tak my\u015blisz i czynisz &ndash; czym r&oacute;\u017cnisz si\u0119 od Pi\u0142ata skazuj\u0105cego Jezusa na biczowanie i \u015bmier\u0107? W pod\u015bwiadomo\u015bci tkwi przekonanie, \u017ce to B&oacute;g ma racj\u0119, jednak wzgl\u0119dy ludzkie, jak Pi\u0142atowi nie pozwalaj\u0105 opowiedzie\u0107 si\u0119 po stronie Prawdy.<\/td>\n<\/tr>\n<tr>\n<td>&nbsp;<\/td>\n<\/tr>\n<tr>\n<td style=\"text-align: justify;\">[singlepic id=207 w=120 h=190 float=left]<strong>III.<\/strong> \u017bo\u0142nierze o\u015bmieszaj\u0105 godno\u015b\u0107 kr&oacute;lewsk\u0105 Jezusa. Oni s\u0105 poganami. Chrze\u015bcijanin \u017cyj\u0105cy niezgodnie z nauk\u0105 Jezusa &ndash; gdy si\u0119 nie modli, nie przyst\u0119puje do sakrament&oacute;w \u015bwi\u0119tych, gdy \u017cyje w grzechach d\u0142ugi czas, gdy lekcewa\u017cy uczestniczenie we Mszy \u015bwi\u0119tej &ndash; czy nie jest gorszym od poga\u0144skich \u017co\u0142dak&oacute;w? Czy\u017c nie bardziej o\u015bmiesza&nbsp; Jezusa?<\/td>\n<\/tr>\n<tr>\n<td>&nbsp;<\/td>\n<\/tr>\n<tr>\n<td style=\"text-align: justify;\">[singlepic id=208 w=120 h=190 float=left]<strong>IV.<\/strong> Jezus czeka\u0142 na pomoc. Przymusili Szymona, kt&oacute;ry zapewne si\u0119 wymawia\u0142. Jezus odwdzi\u0119czy\u0142 si\u0119 Szymonowi, i do dzi\u015b ka\u017cdy z nas korzysta z tej wdzi\u0119czno\u015bci, bo Jezus idzie z nami by d\u017awiga\u0107 nas i nasze krzy\u017ce.<\/td>\n<\/tr>\n<tr>\n<td>&nbsp;<\/td>\n<\/tr>\n<tr>\n<td>[singlepic id=209 w=120 h=190 float=left]<strong>V.<\/strong> Staj\u0105c pod krzy\u017cem, patrz\u0105c na krzy\u017c, czyni\u0105c znak krzy\u017ca na sobie &ndash; wyznaj\u0119 wiar\u0119 w dzie\u0142o odkupienia ludzko\u015bci. Jezus za mnie umar\u0142 na krzy\u017cu. Jak bardzo Jezusowi zale\u017cy na mnie. Jezus pragnie bym na nowo sta\u0142 si\u0119 dzieckiem Ojca w niebie. Oby ci\u0105gle towarzyszy\u0142a mi \u015bwiadomo\u015b\u0107 &ndash; nale\u017c\u0119 do Boga.<\/td>\n<\/tr>\n<tr>\n<td>&nbsp;<\/td>\n<\/tr>\n<tr>\n<td>\n<hr \/>\n<\/td>\n<\/tr>\n<tr>\n<td style=\"text-align: center;\"><strong>TAJEMNICE CHWALEBNE<br \/>\n\t\t\t\t<\/strong><\/td>\n<\/tr>\n<tr>\n<td>&nbsp;<\/td>\n<\/tr>\n<tr>\n<td style=\"text-align: justify;\">[singlepic id=210 w=120 h=190 float=left]<strong>I.<\/strong> Spe\u0142ni\u0142y si\u0119 s\u0142owa: &bdquo;Ja jestem zmartwychwstanie i \u017cycie&rdquo;. Jezus prawdziwie \u017cyje. Niewiasty przera\u017cone, uczniowie \u015bpiesz\u0105cy do Emaus i ci zgromadzeni w Wieczerniku z Tomaszem sprawdzaj\u0105cym rany Jezusowe s\u0105 dla nas gwarancj\u0105 spe\u0142nienia si\u0119 s\u0142&oacute;w Jezusa. Jezus Zmartwychwsta\u0142y&nbsp; \u017cyje w\u015br&oacute;d nas.<\/td>\n<\/tr>\n<tr>\n<td>&nbsp;<\/td>\n<\/tr>\n<tr>\n<td style=\"text-align: justify;\">[singlepic id=211 w=120 h=190 float=left]<strong>II.<\/strong> &bdquo;B\u0119dziecie moimi \u015bwiadkami&#8230;&rdquo;&nbsp; Aposto\u0142owie wype\u0142nili to polecenie. Ich \u015bwiadectwo trwa do dzi\u015b. My wierzymy dzi\u0119ki ich s\u0142owu. Ka\u017cdy ochrzczony jest powo\u0142any, by \u015bwiadczy\u0107 o Chrystusie, o Jego mi\u0142o\u015bci.&nbsp; Czy kto\u015b patrz\u0105c na moje \u017cycie mo\u017ce odczyta\u0107, \u017ce nale\u017c\u0119 do Chrystusa?<\/td>\n<\/tr>\n<tr>\n<td>&nbsp;<\/td>\n<\/tr>\n<tr>\n<td style=\"text-align: justify;\">[singlepic id=212 w=120 h=190 float=left]<strong>III.<\/strong> &bdquo;Duchu \u015awi\u0119ty przyjd\u017a prosimy, Twojej \u0142aski nam trzeba..&rdquo; Duch \u015awi\u0119ty spocz\u0105\u0142 na ka\u017cdym z nas ju\u017c w czasie chrztu \u015bwi\u0119tego. Sakrament Bierzmowania nape\u0142ni\u0142 nas Jego darami, wycisn\u0105\u0142 te\u017c niezatarty znak rycerza Chrystusowego. Duchu \u015awi\u0119ty odn&oacute;w w ka\u017cdym z nas swoje dary, aby\u015bmy \u015bwiadomi ich mocy nie l\u0119kali si\u0119 \u017cy\u0107 wed\u0142ug nauki Chrystusa, by\u015bmy na co dzie\u0144 wyznawali nasz\u0105 wiar\u0119, wed\u0142ug niej uk\u0142adali swoje \u017cycie.<\/td>\n<\/tr>\n<tr>\n<td>&nbsp;<\/td>\n<\/tr>\n<tr>\n<td style=\"text-align: justify;\">[singlepic id=213 w=120 h=190 float=left]<strong>IV.<\/strong> Powtarzaj\u0105c w ka\u017cdym&nbsp; &bdquo;Zdrowa\u015b&rdquo; &ndash; m&oacute;dl si\u0119 za nami&#8230; teraz i w godzin\u0119 \u015bmierci naszej &ndash; wyra\u017camy t\u0119sknot\u0119 za \u017cyciem wiecznym po \u015bmierci. Wniebowzi\u0119cie Maryi jest zapewnieniem, \u017ce jest tam i dla nas miejsce przygotowane przez Jezusa. &bdquo;Id\u0119 przygotowa\u0107 wam miejsce&#8230;, przyjd\u0119 powt&oacute;rnie i zabior\u0119 was do siebie&#8230;.&rdquo;. Pro\u015bmy Maryj\u0119, aby w nas trwa\u0142a t\u0119sknota za niebem.<\/td>\n<\/tr>\n<tr>\n<td>&nbsp;<\/td>\n<\/tr>\n<tr>\n<td style=\"text-align: justify;\">[singlepic id=214 w=120 h=190 float=left]<strong>V.<\/strong> S\u0142u\u017cy\u0107 to znaczy kr&oacute;lowa\u0107- Maryja wypowiedzia\u0142a do&nbsp; anio\u0142a: &bdquo;Oto ja s\u0142u\u017cebnica Pa\u0144ska&rdquo; . Jezus z wysoko\u015bci krzy\u017ca potwierdzi\u0142 &bdquo;s\u0142u\u017cenie&rdquo; Maryi w dziele odkupienia i zleci\u0142 Jej dalsz\u0105 opiek\u0119 nad ka\u017cdym cz\u0142owiekiem.&nbsp; Dzi\u015b Maryja z nieba wstawia si\u0119 za nami, wyprasza nam \u0142aski, nawiedza, przychodzi z napomnieniem i wezwaniem do nawr&oacute;cenia &ndash; To prawdziwa s\u0142u\u017cba, czyli KR&Oacute;LOWANIE MARYI.<\/td>\n<\/tr>\n<tr>\n<td>&nbsp;<\/td>\n<\/tr>\n<tr>\n<td>\n<hr \/>\n<\/td>\n<\/tr>\n<tr>\n<td align=\"center\" style=\"text-align: center;\" valign=\"middle\">\n<p>[singlepic id=215 w=120 h=190 float=center]<\/p>\n<p>Za wszystkie \u0142aski&nbsp;&nbsp; otrzymane przez&nbsp; r\u0119ce Matki Nawiedzaj\u0105cej swoje dzieci, chcemy zawsze uwielbia\u0107 Boga, naszego Zbawc\u0119 i \u015bpiewa\u0107 hymn:&nbsp; &bdquo;Wielbi dusza moja Pana,&#8230; gdy\u017c wielkie rzeczy uczyni\u0142 mi Wszechmocny, \u015awi\u0119te jest imi\u0119 Jego&#8230;.&rdquo;.<\/p>\n<\/td>\n<\/tr>\n<tr>\n<td align=\"center\" style=\"text-align: center;\" valign=\"middle\">\n<hr \/>\n<\/td>\n<\/tr>\n<\/tbody>\n<\/table>\n","protected":false},"excerpt":{"rendered":"<p>[singlepic id=193 w=120 h=190 float=left]R&oacute;\u017caniec jest jedn\u0105 z tradycyjnych dr&oacute;g modlitwy chrze\u015bcija\u0144skiej stosowanej do kontemplowania oblicza Chrystusa. Tak opisa\u0142 go Papie\u017c Pawe\u0142 VI: &bdquo;R&oacute;\u017caniec, poniewa\u017c opiera si\u0119 na Ewangelii i &hellip; <a href=\"https:\/\/budy.przemyska.pl\/index.php\/o-parafii-2\/wazne-wydarzenia\/rozaniec-nawiedzenia-2003-rok\/\" class=\"more-link\">Czytaj dalej <span class=\"screen-reader-text\">R\u00f3\u017caniec Nawiedzenia 2003 rok<\/span> <span class=\"meta-nav\">&rarr;<\/span><\/a><\/p>\n","protected":false},"author":1,"featured_media":0,"parent":548,"menu_order":2,"comment_status":"closed","ping_status":"closed","template":"","meta":{"footnotes":""},"class_list":["post-535","page","type-page","status-publish","hentry"],"_links":{"self":[{"href":"https:\/\/budy.przemyska.pl\/index.php\/wp-json\/wp\/v2\/pages\/535","targetHints":{"allow":["GET"]}}],"collection":[{"href":"https:\/\/budy.przemyska.pl\/index.php\/wp-json\/wp\/v2\/pages"}],"about":[{"href":"https:\/\/budy.przemyska.pl\/index.php\/wp-json\/wp\/v2\/types\/page"}],"author":[{"embeddable":true,"href":"https:\/\/budy.przemyska.pl\/index.php\/wp-json\/wp\/v2\/users\/1"}],"replies":[{"embeddable":true,"href":"https:\/\/budy.przemyska.pl\/index.php\/wp-json\/wp\/v2\/comments?post=535"}],"version-history":[{"count":0,"href":"https:\/\/budy.przemyska.pl\/index.php\/wp-json\/wp\/v2\/pages\/535\/revisions"}],"up":[{"embeddable":true,"href":"https:\/\/budy.przemyska.pl\/index.php\/wp-json\/wp\/v2\/pages\/548"}],"wp:attachment":[{"href":"https:\/\/budy.przemyska.pl\/index.php\/wp-json\/wp\/v2\/media?parent=535"}],"curies":[{"name":"wp","href":"https:\/\/api.w.org\/{rel}","templated":true}]}}