{"id":387,"date":"2011-12-29T23:14:01","date_gmt":"2011-12-29T22:14:01","guid":{"rendered":"http:\/\/www.budylancuckie.przemyska.pl\/?page_id=387"},"modified":"2011-12-29T23:14:01","modified_gmt":"2011-12-29T22:14:01","slug":"pozostale-informacje","status":"publish","type":"page","link":"https:\/\/budy.przemyska.pl\/index.php\/gablota-parafialna-2\/pozostale-informacje\/","title":{"rendered":"Pozosta\u0142e informacje"},"content":{"rendered":"<p><a href=\"https:\/\/budy.przemyska.pl\/wp-content\/uploads\/2011\/12\/standardy_parafia_budy_lancuckie_ochrona_maloletnich.pdf\" target=\"_blank\" rel=\"noopener\">Standardy dotycz\u0105ce ochrony ma\u0142oletnich na terenie parafii pw. Niepokalanego Serca NMP w Budach \u0141a\u0144cuckich<\/a><\/p>\n<p><em>&#8230;<br \/>\n\t<\/em><\/p>\n","protected":false},"excerpt":{"rendered":"<p>Standardy dotycz\u0105ce ochrony ma\u0142oletnich na terenie parafii pw. Niepokalanego Serca NMP w Budach \u0141a\u0144cuckich &#8230;<\/p>\n","protected":false},"author":1,"featured_media":0,"parent":342,"menu_order":9,"comment_status":"closed","ping_status":"closed","template":"","meta":{"footnotes":""},"class_list":["post-387","page","type-page","status-publish","hentry"],"_links":{"self":[{"href":"https:\/\/budy.przemyska.pl\/index.php\/wp-json\/wp\/v2\/pages\/387","targetHints":{"allow":["GET"]}}],"collection":[{"href":"https:\/\/budy.przemyska.pl\/index.php\/wp-json\/wp\/v2\/pages"}],"about":[{"href":"https:\/\/budy.przemyska.pl\/index.php\/wp-json\/wp\/v2\/types\/page"}],"author":[{"embeddable":true,"href":"https:\/\/budy.przemyska.pl\/index.php\/wp-json\/wp\/v2\/users\/1"}],"replies":[{"embeddable":true,"href":"https:\/\/budy.przemyska.pl\/index.php\/wp-json\/wp\/v2\/comments?post=387"}],"version-history":[{"count":0,"href":"https:\/\/budy.przemyska.pl\/index.php\/wp-json\/wp\/v2\/pages\/387\/revisions"}],"up":[{"embeddable":true,"href":"https:\/\/budy.przemyska.pl\/index.php\/wp-json\/wp\/v2\/pages\/342"}],"wp:attachment":[{"href":"https:\/\/budy.przemyska.pl\/index.php\/wp-json\/wp\/v2\/media?parent=387"}],"curies":[{"name":"wp","href":"https:\/\/api.w.org\/{rel}","templated":true}]}}