{"id":378,"date":"2011-12-29T23:11:37","date_gmt":"2011-12-29T22:11:37","guid":{"rendered":"http:\/\/www.budylancuckie.przemyska.pl\/?page_id=378"},"modified":"2011-12-29T23:11:37","modified_gmt":"2011-12-29T22:11:37","slug":"komunia-swieta","status":"publish","type":"page","link":"https:\/\/budy.przemyska.pl\/index.php\/gablota-parafialna-2\/komunia-swieta\/","title":{"rendered":"Komunia \u015awi\u0119ta"},"content":{"rendered":"<p><em>W trakcie opracowania&#8230;<\/em>(r&oacute;\u017cne informacje)<\/p>\n<h3>Galeria zdj\u0119\u0107 grupowych z wszystkich rocznik&oacute;w (rok urodzenia)<\/h3>\n<ol>\n<li><a href=\"http:\/\/www.budylancuckie.przemyska.pl\/?page_id=1742\">Roczniki od 1921 do 1940.<\/a><\/li>\n<li><a href=\"http:\/\/www.budylancuckie.przemyska.pl\/?page_id=1828\">Roczniki od 1941 do 1950.<br \/>\n\t\t<\/a><\/li>\n<li><a href=\"http:\/\/www.budylancuckie.przemyska.pl\/?page_id=1848\">Roczniki od 1951 do 1960.<br \/>\n\t\t<\/a><\/li>\n<li><a href=\"http:\/\/www.budylancuckie.przemyska.pl\/?page_id=1886\">Roczniki od 1961 do 1970.<br \/>\n\t\t<\/a><\/li>\n<li><a href=\"http:\/\/www.budylancuckie.przemyska.pl\/?page_id=1898\">Roczniki od 1971 do 1980.<br \/>\n\t\t<\/a><\/li>\n<li><a href=\"http:\/\/www.budylancuckie.przemyska.pl\/?page_id=2151\">Roczniki od 1981 do 1990.<\/a><\/li>\n<li><a href=\"http:\/\/www.budylancuckie.przemyska.pl\/?page_id=2184\" target=\"_self\" rel=\"noopener\">Roczniki od 1991 do 2000.<br \/>\n\t\t<\/a><\/li>\n<li><a href=\"http:\/\/www.budylancuckie.przemyska.pl\/?page_id=2192\" target=\"_self\" rel=\"noopener\">Roczniki od 2001 do 2006.<br \/>\n\t\t<\/a><\/li>\n<\/ol>\n","protected":false},"excerpt":{"rendered":"<p>W trakcie opracowania&#8230;(r&oacute;\u017cne informacje) Galeria zdj\u0119\u0107 grupowych z wszystkich rocznik&oacute;w (rok urodzenia) Roczniki od 1921 do 1940. Roczniki od 1941 do 1950. Roczniki od 1951 do 1960. Roczniki od 1961 &hellip; <a href=\"https:\/\/budy.przemyska.pl\/index.php\/gablota-parafialna-2\/komunia-swieta\/\" class=\"more-link\">Czytaj dalej <span class=\"screen-reader-text\">Komunia \u015awi\u0119ta<\/span> <span class=\"meta-nav\">&rarr;<\/span><\/a><\/p>\n","protected":false},"author":1,"featured_media":0,"parent":342,"menu_order":5,"comment_status":"closed","ping_status":"closed","template":"","meta":{"footnotes":""},"class_list":["post-378","page","type-page","status-publish","hentry"],"_links":{"self":[{"href":"https:\/\/budy.przemyska.pl\/index.php\/wp-json\/wp\/v2\/pages\/378","targetHints":{"allow":["GET"]}}],"collection":[{"href":"https:\/\/budy.przemyska.pl\/index.php\/wp-json\/wp\/v2\/pages"}],"about":[{"href":"https:\/\/budy.przemyska.pl\/index.php\/wp-json\/wp\/v2\/types\/page"}],"author":[{"embeddable":true,"href":"https:\/\/budy.przemyska.pl\/index.php\/wp-json\/wp\/v2\/users\/1"}],"replies":[{"embeddable":true,"href":"https:\/\/budy.przemyska.pl\/index.php\/wp-json\/wp\/v2\/comments?post=378"}],"version-history":[{"count":0,"href":"https:\/\/budy.przemyska.pl\/index.php\/wp-json\/wp\/v2\/pages\/378\/revisions"}],"up":[{"embeddable":true,"href":"https:\/\/budy.przemyska.pl\/index.php\/wp-json\/wp\/v2\/pages\/342"}],"wp:attachment":[{"href":"https:\/\/budy.przemyska.pl\/index.php\/wp-json\/wp\/v2\/media?parent=378"}],"curies":[{"name":"wp","href":"https:\/\/api.w.org\/{rel}","templated":true}]}}