{"id":3068,"date":"2020-05-04T20:16:50","date_gmt":"2020-05-04T18:16:50","guid":{"rendered":"http:\/\/www.budylancuckie.przemyska.pl\/?page_id=3068"},"modified":"2020-05-04T20:16:50","modified_gmt":"2020-05-04T18:16:50","slug":"ak-katecheza-iv-nierozdzielny-zwiazek-eucharystii-z-kaplanstwem","status":"publish","type":"page","link":"https:\/\/budy.przemyska.pl\/index.php\/akcja-katolicka\/ak-katecheza-iv-nierozdzielny-zwiazek-eucharystii-z-kaplanstwem\/","title":{"rendered":"Katecheza IV &#8211;  Nierozdzielny zwi\u0105zek Eucharystii z kap\u0142a\u0144stwem"},"content":{"rendered":"<h2 style=\"text-align: center;\"><strong>&bdquo;WIELKA TAJEMNICA WIARY&rdquo;&nbsp; <\/strong><\/h2>\n<h3 style=\"text-align: center;\"><strong>Katecheza IV &#8211;&nbsp; Nierozdzielny zwi\u0105zek Eucharystii z kap\u0142a\u0144stwem.<br \/>\n\t<\/strong><\/h3>\n<p><strong>Modlitwa:<\/strong> <em>\u015awi\u0119ty Janie Mario Vianneyu, z podziwem wspominamy twoje oderwanie si\u0119 od rzeczy doczesnych, g\u0142\u0119bok\u0105 pokor\u0119 i akceptacj\u0119 upokorze\u0144; twoje m\u0119stwo w przeciwno\u015bciach i atakach szatana; twoj\u0105 czysto\u015b\u0107, zjednoczenie z Bogiem i mi\u0142o\u015b\u0107 do Eucharystii. Przyjd\u017a z pomoc\u0105 kap\u0142anom z naszej parafii i diecezji w d\u0105\u017ceniu do nabycia tych cn&oacute;t, kt&oacute;rymi ty na co dzie\u0144 \u017cy\u0142e\u015b, tak aby mogli sta\u0107 si\u0119 kap\u0142anami wed\u0142ug Bo\u017cego Serca. Amen.<\/em><\/p>\n<p>\t&nbsp;&nbsp;&nbsp;&nbsp;&nbsp;&nbsp;&nbsp; Prezbiterzy jako szafarze rzeczy \u015bwi\u0119tych, zw\u0142aszcza w ofierze Mszy \u015bw., zast\u0119puj\u0105 w specjalny spos&oacute;b osob\u0119 Chrystusa, kt&oacute;ry ofiarowa\u0142 samego siebie jako ofiar\u0119 dla u\u015bwi\u0119cenia ludzi. W tajemnicy Ofiary eucharystycznej, w kt&oacute;rej kap\u0142ani wype\u0142niaj\u0105 sw&oacute;j obowi\u0105zek, dokonuje si\u0119 nieustannie dzie\u0142o naszego odkupienia, dlatego zaleca si\u0119 jej codzienne sprawowanie; jest ona czynno\u015bci\u0105 Chrystusa i Ko\u015bcio\u0142a, nawet je\u015bli obecno\u015b\u0107 wiernych by\u0142aby niemo\u017cliwa. Kap\u0142a\u0144stwo zosta\u0142o zrodzone z Eucharystii, dlatego to, co m&oacute;wimy o ca\u0142ym Ko\u015bciele, kt&oacute;ry &ndash; jak napisa\u0142 w encyklice Jan Pawe\u0142 II &ndash; \u017cyje w Eucharystii, mo\u017cemy r&oacute;wnie\u017c powiedzie\u0107 o kap\u0142a\u0144stwie s\u0142u\u017cebnym. Ma ono swoje \u017ar&oacute;d\u0142o, \u017cyje, dzia\u0142a i przynosi owoce w\u0142a\u015bnie w Eucharystii. &bdquo;Nie ma Eucharystii bez kap\u0142a\u0144stwa, tak jak nie istnieje kap\u0142a\u0144stwo bez Eucharystii&rdquo;.<\/p>\n<p>Dziel\u0105c si\u0119 z kap\u0142anami swoim wiecznym kap\u0142a\u0144stwem, Chrystus czyni ich s\u0142ugami Eucharystii. Kap\u0142ani \u017cyj\u0105 Eucharysti\u0105. &bdquo;Konsekruj\u0105&rdquo; i spotykaj\u0105 osobi\u015bcie Chrystusa. Otrzymuj\u0105 w komunii \u015bwi\u0119tej Chrystusa \u017cywego, prawdziwego i realnego. W Eucharystii &ndash; co podkre\u015bli\u0142 Jan Pawe\u0142 II &ndash; osi\u0105gaj\u0105 szczyt swego pos\u0142ugiwania, kiedy wypowiadaj\u0105 s\u0142owa Jezusa: &rdquo;To jest bowiem Cia\u0142o moje&hellip; To jest bowiem kielich Krwi mojej&hellip;&rdquo;, gdy\u017c w s\u0142owach tych najpe\u0142niej wyra\u017ca si\u0119 ta moc, kt&oacute;ra pozwala im uobecni\u0107 ofiar\u0119 Chrystusa. Kap\u0142a\u0144stwo jest wi\u0119c w spos&oacute;b szczeg&oacute;lny i wyj\u0105tkowy zwi\u0105zane z Eucharysti\u0105. Jan Pawe\u0142 II m&oacute;wi\u0142, \u017ce kap\u0142ani narodzili si\u0119 w Wieczerniku i u st&oacute;p krzy\u017ca, na Kalwarii. Wed\u0142ug Benedykta XVI wewn\u0119trzny zwi\u0105zek Eucharystii i sakramentu \u015bwi\u0119ce\u0144 wynika ze s\u0142&oacute;w Chrystusa wypowiedzianych podczas ostatniej wieczerzy: &bdquo;To czy\u0144cie na moj\u0105 pami\u0105tk\u0119&rdquo;\/\u0141k 22,19\/. Ko\u015bci&oacute;\u0142 w swoim nauczaniu potwierdza, \u017ce \u015bwi\u0119cenia kap\u0142a\u0144skie s\u0105 koniecznym warunkiem do wa\u017cnego sprawowania Eucharystii. Kap\u0142an jest cz\u0142owiekiem Eucharystii. Eucharystia stanowi zasadnicz\u0105 racj\u0119 bytu sakramentu kap\u0142a\u0144stwa. Ka\u017cdy kap\u0142an powinien wierzy\u0107, jak uczy Sob&oacute;r watyka\u0144ski II, \u017ce Chrystus jest obecny &bdquo;w osobie odprawiaj\u0105cego&rdquo;, pos\u0142uguje si\u0119 nim, jego s\u0142owami, gestami, ca\u0142ym jego \u017cyciem. Kap\u0142ani powinni w liturgii ukazywa\u0107 na pierwszym planie Chrystusa, ich celebracja powinna charakteryzowa\u0107 si\u0119 wielk\u0105 pokor\u0105 wobec naszego Pana Jezusa Chrystusa i ca\u0142ej wsp&oacute;lnoty Ko\u015bcio\u0142a.<\/p>\n<p>Poprzez Eucharysti\u0119 odkupienie Chrystusa si\u0119ga serca ka\u017cdego cz\u0142owieka. Eucharystia jest najwa\u017cniejsz\u0105 czynno\u015bci\u0105, do jakiej przeznaczony jest kap\u0142an. Sob&oacute;r Watyka\u0144ski II przypomnia\u0142, \u017ce &bdquo;prezbiterzy, zw\u0142aszcza w ofierze Mszy \u015bw. zast\u0119puj\u0105 w specjalny spos&oacute;b osob\u0119 Chrystusa&rdquo;. Jan Pawe\u0142 II powo\u0142ywa\u0142 si\u0119 na s\u0142owa soborowe i stwierdzi\u0142, \u017ce sprawuj\u0105cy ofiar\u0119 eucharystyczn\u0105 powinni to czyni\u0107 w g\u0142\u0119bokim zjednoczeniu z Jezusem Chrystusem i &bdquo;na\u015bladowa\u0107 to, co sprawuj\u0105, bo obchodz\u0105c tajemnic\u0119 \u015bmierci Pa\u0144skiej, winni si\u0119 stara\u0107 przez umartwienie uwolni\u0107 swe cz\u0142onki od wad i po\u017c\u0105dliwo\u015bci&rdquo; (DK13) i wraz z ofiar\u0105 eucharystyczn\u0105 sk\u0142ada\u0107 w ofierze samych siebie, wszystkie wyrzeczenia i trudy \u017cycia kap\u0142a\u0144skiego. Eucharystia jest sakramentem, w kt&oacute;rym dokonuje si\u0119 g\u0142\u0119bokie zjednoczenie kap\u0142ana z Chrystusem, kt&oacute;re mo\u017ce osi\u0105gn\u0105\u0107 nawet poziom zjednoczenia mistycznego.<\/p>\n<p>Sprawowanie Eucharystii i uczestnictwo w niej nie jest zwyk\u0142ym gestem rytualnym. Eucharystia to Sakrament, w kt&oacute;rym dzia\u0142a sam Chrystus, to Eucharystia daje chrze\u015bcijaninowi si\u0142\u0119 do \u017cycia, pozwala mu lepiej w\u0142\u0105czy\u0107 si\u0119 we wsp&oacute;lnot\u0119 ko\u015bcieln\u0105. Dlatego kap\u0142an powinien stara\u0107 si\u0119 sprzyja\u0107 cz\u0119stemu i licznemu uczestnictwu wiernych w Eucharystii poprzez katechez\u0119 i oddzia\u0142ywanie duszpasterskie.<\/p>\n<p>Wszyscy wiemy, \u017ce liturgia eucharystyczna ma charakter SACRUM, czyli czynno\u015bci \u015bwi\u0119tej. \u015awi\u0119tej dlatego, \u017ce stale obecny jest w niej i dzia\u0142a Chrystus. SACRUM Mszy \u015bwi\u0119tej zosta\u0142o ustanowione przez Niego. S\u0142owa i czynno\u015bci ka\u017cdego kap\u0142ana s\u0105 echem tego, co mia\u0142o miejsce w Wielki Czwartek, od kt&oacute;rego to dnia Eucharystia sta\u0142a si\u0119 dobrem wsp&oacute;lnym Ko\u015bcio\u0142a.<\/p>\n<p>Cz\u0142owiek wierz\u0105cy powinien z wiar\u0105 podchodzi\u0107 do zwi\u0105zku mi\u0119dzy Eucharysti\u0105 i Kap\u0142a\u0144stwem, pami\u0119taj\u0105c o tym, \u017ce nie mo\u017ce by\u0107 mi\u0119dzy tymi dwiema rzeczywisto\u015bciami braku jedno\u015bci. Tak jak, nie mo\u017ce by\u0107 Ko\u015bcio\u0142a bez Eucharystii, tak te\u017c nie mo\u017ce by\u0107 Ko\u015bcio\u0142a bez kap\u0142a\u0144stwa. Mi\u0142o\u015b\u0107 do Eucharystii wi\u0105\u017ce si\u0119 z potrzeb\u0105 szacunku wobec kap\u0142an&oacute;w. Powinni o tym pami\u0119ta\u0107 wierni, jak i sami kap\u0142ani.<\/p>\n<p>Eucharystia stanowi \u017ar&oacute;d\u0142o mocy u\u015bwi\u0119caj\u0105cej Kap\u0142ana, dlatego powinien j\u0105 celebrowa\u0107 ka\u017cdego dnia z nale\u017cn\u0105 czci\u0105 i \u015bwi\u0119to\u015bci\u0105. Eucharystia jest Darem i Tajemnic\u0105 powierzon\u0105 Ko\u015bcio\u0142owi, a nie kap\u0142anowi. To powinno go zobowi\u0105zywa\u0107 do troski o godne jej sprawowanie z poszanowaniem wszelkich norm Ko\u015bcio\u0142a w tym zakresie. W tym celu powinien wychowywa\u0107 wiernych i troszczy\u0107 si\u0119 o to, aby ch\u0119tnie i godnie w niej uczestniczyli. Istotne jest r&oacute;wnie\u017c wychowywanie wiernych do troski o powo\u0142ania kap\u0142a\u0144skie, gdy\u017c bez kap\u0142an&oacute;w Ko\u015bci&oacute;\u0142 nie ma przysz\u0142o\u015bci. W tym duchu powinny by\u0107 podejmowane ci\u0105g\u0142e modlitwy.&nbsp;<\/p>\n<p><span style=\"font-size:10px;\"><em>Opracowanie na podstawie materia\u0142&oacute;w formacyjnych &ndash; Gra\u017cyna Szyma\u0144ska.<br \/>\n\t<\/em><\/span><\/p>\n","protected":false},"excerpt":{"rendered":"<p>&bdquo;WIELKA TAJEMNICA WIARY&rdquo;&nbsp; Katecheza IV &#8211;&nbsp; Nierozdzielny zwi\u0105zek Eucharystii z kap\u0142a\u0144stwem. Modlitwa: \u015awi\u0119ty Janie Mario Vianneyu, z podziwem wspominamy twoje oderwanie si\u0119 od rzeczy doczesnych, g\u0142\u0119bok\u0105 pokor\u0119 i akceptacj\u0119 upokorze\u0144; &hellip; <a href=\"https:\/\/budy.przemyska.pl\/index.php\/akcja-katolicka\/ak-katecheza-iv-nierozdzielny-zwiazek-eucharystii-z-kaplanstwem\/\" class=\"more-link\">Czytaj dalej <span class=\"screen-reader-text\">Katecheza IV &#8211;  Nierozdzielny zwi\u0105zek Eucharystii z kap\u0142a\u0144stwem<\/span> <span class=\"meta-nav\">&rarr;<\/span><\/a><\/p>\n","protected":false},"author":1,"featured_media":0,"parent":84,"menu_order":4,"comment_status":"closed","ping_status":"closed","template":"","meta":{"footnotes":""},"class_list":["post-3068","page","type-page","status-publish","hentry"],"_links":{"self":[{"href":"https:\/\/budy.przemyska.pl\/index.php\/wp-json\/wp\/v2\/pages\/3068","targetHints":{"allow":["GET"]}}],"collection":[{"href":"https:\/\/budy.przemyska.pl\/index.php\/wp-json\/wp\/v2\/pages"}],"about":[{"href":"https:\/\/budy.przemyska.pl\/index.php\/wp-json\/wp\/v2\/types\/page"}],"author":[{"embeddable":true,"href":"https:\/\/budy.przemyska.pl\/index.php\/wp-json\/wp\/v2\/users\/1"}],"replies":[{"embeddable":true,"href":"https:\/\/budy.przemyska.pl\/index.php\/wp-json\/wp\/v2\/comments?post=3068"}],"version-history":[{"count":0,"href":"https:\/\/budy.przemyska.pl\/index.php\/wp-json\/wp\/v2\/pages\/3068\/revisions"}],"up":[{"embeddable":true,"href":"https:\/\/budy.przemyska.pl\/index.php\/wp-json\/wp\/v2\/pages\/84"}],"wp:attachment":[{"href":"https:\/\/budy.przemyska.pl\/index.php\/wp-json\/wp\/v2\/media?parent=3068"}],"curies":[{"name":"wp","href":"https:\/\/api.w.org\/{rel}","templated":true}]}}