{"id":268,"date":"2011-12-21T20:39:12","date_gmt":"2011-12-21T19:39:12","guid":{"rendered":"http:\/\/www.budylancuckie.przemyska.pl\/?page_id=268"},"modified":"2025-08-23T21:01:41","modified_gmt":"2025-08-23T19:01:41","slug":"wikariusze-parafii","status":"publish","type":"page","link":"https:\/\/budy.przemyska.pl\/index.php\/o-parafii-2\/kaplani-siostry-zakonne-katechetki-sluzba-koscielna\/wikariusze-parafii\/","title":{"rendered":"Wikariusze parafii"},"content":{"rendered":"\n<p>&nbsp;<\/p>\n\n\n\n<figure class=\"wp-block-table\"><table class=\"has-fixed-layout\"><tbody><tr><td><img loading=\"lazy\" decoding=\"async\" width=\"90\" height=\"119\" class=\"wp-image-3974\" style=\"width: 90px;\" src=\"https:\/\/budy.przemyska.pl\/wp-content\/uploads\/2024\/11\/ks_eugeniusz_fil.jpg\" alt=\"\"><\/td><td><strong>Ks. Eugeniusz Fill<\/strong> &#8211; Urodzi\u0142 si\u0119 3 marca 1930 r. w Izdebkach, jako syn Piotra i Anieli zd. \u0141anik. Po uko\u0144czeniu Gimnazjum w Brzozowie (1944-1949), rozpocz\u0105\u0142 studia filozoficzno-teologiczne w Przemyskim Seminarium (1949-1954). \u015awi\u0119cenia kap\u0142a\u0144skie otrzyma\u0142 w dniu 27 czerwca 1954 r. Pracowa\u0142 w nast\u0119puj\u0105cych parafiach diecezji: <br>Budy \u0141a\u0144cuckie (1954-1957), <br>Pekl\u00f3wka (1957),<br>Cieklin (1957-1959),<br>Ostr\u00f3w k. Przeworska (1959-1962),<br>Krzeczowice (1962-1983), <br>Przeworsk Fara (1983-1984), <br>S\u0142aw\u0119cin (1984-1986),<br>Sko\u0142yszyn (1986),<br>Ryman\u00f3w Zdr\u00f3j (1986-1987).<br>W uznaniu za gorliw\u0105 prac\u0119 duszpastersk\u0105 zosta\u0142 odznaczony Expositorio Canonicali (1974) oraz przywilejem u\u017cywania Rokiety i Mantoletu (1982). Od 27 lutego 1987 r. do 30 kwietnia 1992 r. pe\u0142ni\u0142 funkcj\u0119 Notariusz Kurii i S\u0105du Biskupiego. Po przej\u015bciu na emerytur\u0119, zamieszka\u0142 w charakterze rezydenta na terenie parafii Kraczkowa. Zmar\u0142 29 lipca 2005 r. Mszy \u015bwi\u0119tej pogrzebowej, kt\u00f3ra zosta\u0142a odprawiona 2 sierpnia 2005 r. o godz. 10.00 w Izdebkach, przewodniczy\u0142 ks. bp Adam Szal. Homili\u0119 pogrzebow\u0105 wyg\u0142osi\u0142 ks. Kazimierz Bugiel, kolega rocznikowy zmar\u0142ego.<\/td><\/tr><tr><td><\/td><td><\/td><\/tr><tr><td><img loading=\"lazy\" decoding=\"async\" width=\"90\" height=\"121\" class=\"wp-image-3973\" style=\"width: 90px;\" src=\"https:\/\/budy.przemyska.pl\/wp-content\/uploads\/2024\/11\/ks_edward_pocalun.jpg\" alt=\"\"><\/td><td><strong>Ks. Edward Poca\u0142u\u0144<\/strong> \u2013 ur. 1930 r. w Dydni; \u015bwi\u0119cenia kap\u0142a\u0144skie w 1957 r . Wikariusz w Budach \u0141a\u0144cuckich 1957 &#8211; 1959 r.<\/td><\/tr><tr><td><\/td><td><\/td><\/tr><tr><td><img loading=\"lazy\" decoding=\"async\" width=\"90\" height=\"122\" class=\"wp-image-3972\" style=\"width: 90px;\" src=\"https:\/\/budy.przemyska.pl\/wp-content\/uploads\/2024\/11\/ks_edward_banas.jpg\" alt=\"\"><\/td><td><strong>Ks. Edward Bana\u015b<\/strong> \u2013 ur. 1931 r. w Wi\u015bniowej; \u015bwi\u0119cenia kap\u0142a\u0144skie w 1957 r. Wikariusz w Budach \u0141a\u0144cuckich 1959 &#8211; 1960 r.<\/td><\/tr><tr><td><\/td><td><\/td><\/tr><tr><td><img loading=\"lazy\" decoding=\"async\" width=\"90\" height=\"107\" class=\"wp-image-3978\" style=\"width: 90px;\" src=\"https:\/\/budy.przemyska.pl\/wp-content\/uploads\/2024\/11\/ks_jan_wilusz.jpg\" alt=\"\"><\/td><td><strong>Ks. Jan Wilusz<\/strong> \u2013 ur. 1934 r. w \u0141\u0119kach Dukielskich; \u015bwi\u0119cenia kap\u0142a\u0144skie w 1958 r. Wikariusz w Budach \u0141a\u0144cuckich 1960 &#8211; 1961 r.<\/td><\/tr><tr><td colspan=\"2\"><hr><\/td><\/tr><tr><td><img loading=\"lazy\" decoding=\"async\" width=\"90\" height=\"95\" class=\"wp-image-3980\" style=\"width: 90px;\" src=\"https:\/\/budy.przemyska.pl\/wp-content\/uploads\/2024\/11\/ks_jozef_sokolowski.jpg\" alt=\"\"><\/td><td>\n<p><strong>Ks. Kanonik J\u00f3zef Soko\u0142owski<\/strong>, ur. si\u0119 15.05.1934 w Jab\u0142once, matur\u0119 zda\u0142 w 1952r. w LO w Sanoku, studia odby\u0142 w latach 1953-1959 w Przemy\u015blu w Wy\u017cszym Seminarium Duchownym, \u015bwi\u0119cenia przyj\u0105\u0142 07.06.1959 w Przemy\u015blu z r\u0105k Ks. Bpa Franciszka Bardy.<br>Pracowa\u0142 w parafiach na stanowisku:<br>Gwo\u017anica 01.08.1959 &#8211; 30.07.1961 wikariusz<br>Budy \u0141a\u0144cuckie 31.07.1961 &#8211; 30.07.1964 wikariusz<br>Markowa 31.07.1964 &#8211; 31.07.1966 wikariusz<br>Kamie\u0144 01.08.1966 &#8211; 01.09.1968 wikariusz<br>Sieniawa 02.09.1968 &#8211; 31.07.1970 wikariusz<br>Koma\u0144cza 01.08.1970 &#8211; 12.04.1971 wikariusz<br>Wide\u0142ka 13.04.1971 &#8211; 02.07.2000 proboszcz<br>Od 03.07.2000 w parafii Wide\u0142ka jako emeryt.<br>By\u0142 wicedziekanem dekanatu g\u0142ogowskiego i wizytatorem religii.<\/p>\n<p>Zmar\u0142 14 lipca 2011 r.. Pochowany zosta\u0142 17 lipca w Wide\u0142ce.<\/p>\n<p>Informacja o \u015bmierci ksi\u0119dza J\u00f3zefa, by\u0142a <a href=\"http:\/\/www.budylancuckie.przemyska.pl\/?p=242\" target=\"_self\" rel=\"noopener\">prezentowana na naszej stronie<\/a>.<\/p>\n<\/td><\/tr><tr><td><\/td><td><\/td><\/tr><tr><td><img loading=\"lazy\" decoding=\"async\" width=\"90\" height=\"134\" class=\"wp-image-3971\" style=\"width: 90px;\" src=\"https:\/\/budy.przemyska.pl\/wp-content\/uploads\/2024\/11\/ks_bronislaw_domino.jpg\" alt=\"\"><\/td><td><strong>Ks. Kan. Bronis\u0142aw Domino<\/strong>, ur. 09.08.1935 w Babicy. Studiowa\u0142 w latach 1953-1959 w Wy\u017cszym Seminarium Duchownym w Przemy\u015blu. \u015awi\u0119cenia kap\u0142a\u0144skie przyj\u0105\u0142 07.06.1959 r. w Przemy\u015blu.<br>Pracowa\u0142 w parafiach na stanowisku:<br>Stobierna 01.08.1959 &#8211; 30.07.1961 wikariusz<br>Golcowa 31.07.1961 &#8211; 30.07.1964 wikariusz<br>Budy \u0141a\u0144cuckie 31.07.1964 &#8211; 30.06.1967 wikariusz<br>Desznica 01.07.1967 &#8211; 10.07.1968 wikariusz<br>Niewodna 11.07.1968 &#8211; 26.04.1971 wikariusz<br>Szufnarowa 27.04.1971 &#8211; 20.08.2005 proboszcz<br>Od 21.08.2005 przebywa\u0142 w Domu Ksi\u0119\u017cy Senior\u00f3w jako emeryt.<br>Zmar\u0142 w dniu 22.03.2009 r. Pogrzeb odby\u0142 si\u0119 w dniu 26.03.2009 r. o godz. 14.00 w ko\u015bciele parafialnym w Babicy.<\/td><\/tr><tr><td colspan=\"2\"><hr><\/td><\/tr><tr><td><img loading=\"lazy\" decoding=\"async\" width=\"90\" height=\"122\" class=\"wp-image-3975\" style=\"width: 90px;\" src=\"https:\/\/budy.przemyska.pl\/wp-content\/uploads\/2024\/11\/ks_eugeniusz_worsa.jpg\" alt=\"\"><\/td><td><strong>Ks. Eugeniusz Worsa<\/strong> \u2013 ur. 1942 r. w Kopkach; \u015bwi\u0119cenia kap\u0142a\u0144skie w 1967 r. Wikariusz w Budach \u0141a\u0144cuckich 1967 &#8211; 1971 r.<\/td><\/tr><tr><td colspan=\"2\"><hr><\/td><\/tr><tr><td><img loading=\"lazy\" decoding=\"async\" width=\"90\" height=\"120\" class=\"wp-image-3977\" style=\"width: 90px;\" src=\"https:\/\/budy.przemyska.pl\/wp-content\/uploads\/2024\/11\/ks_henryk_markowski.jpg\" alt=\"\"><\/td><td><strong>Ks. Henryk Markowski<\/strong> \u2013 ur. 1940 r. w Przeworsku; \u015bwi\u0119cenia kap\u0142a\u0144skie w 1966 r. Wikariusz w Budach \u0141a\u0144cuckich 1971 &#8211; 1973 r.<\/td><\/tr><tr><td colspan=\"2\"><hr><\/td><\/tr><tr><td><img loading=\"lazy\" decoding=\"async\" width=\"90\" height=\"83\" class=\"wp-image-3979\" style=\"width: 90px;\" src=\"https:\/\/budy.przemyska.pl\/wp-content\/uploads\/2024\/11\/ks_jozef_markowicz.jpg\" alt=\"\"><\/td><td><strong>Ks. J\u00f3zef Markowicz<\/strong> \u2013 ur. 1953 r. w Budach \u0141a\u0144cuckich; \u015bwi\u0119cenia kap\u0142a\u0144skie w 1978 r . Wikariusz w Budach \u0141a\u0144cuckich 1978 &#8211; 1979 r.<\/td><\/tr><tr><td colspan=\"2\"><hr><\/td><\/tr><tr><td><img loading=\"lazy\" decoding=\"async\" width=\"90\" height=\"121\" class=\"wp-image-3983\" style=\"width: 90px;\" src=\"https:\/\/budy.przemyska.pl\/wp-content\/uploads\/2024\/11\/ks_krzysztof_rzepka.jpg\" alt=\"\"><\/td><td><strong>Ks. Krzysztof Rzepka<\/strong> \u2013 ur. 1961 r. w Przybysz\u00f3wce; \u015bwi\u0119cenia kap\u0142a\u0144skie w 1988 r. Wikariusz w Budach \u0141a\u0144cuckich 1988 &#8211; 1994 r.<\/td><\/tr><tr><td colspan=\"2\"><hr><\/td><\/tr><tr><td><img loading=\"lazy\" decoding=\"async\" width=\"90\" height=\"115\" class=\"wp-image-3981\" style=\"width: 90px;\" src=\"https:\/\/budy.przemyska.pl\/wp-content\/uploads\/2024\/11\/ks_krzysztof_maslyk.jpg\" alt=\"\"><\/td><td><strong>Ks. Krzysztof Mas\u0142yk<\/strong> \u2013 ur. 1969 r. w Jasienicy Rosielnej; \u015bwi\u0119cenia kap\u0142a\u0144skie w 1994 r. Wikariusz w Budach \u0141a\u0144cuckich 1994 &#8211; 1996 r.<\/td><\/tr><tr><td colspan=\"2\"><hr><\/td><\/tr><tr><td><img loading=\"lazy\" decoding=\"async\" width=\"90\" height=\"115\" class=\"wp-image-3982\" style=\"width: 90px;\" src=\"https:\/\/budy.przemyska.pl\/wp-content\/uploads\/2024\/11\/ks_krzysztof_pietrasz.jpg\" alt=\"\"><\/td><td><strong>Ks. Krzysztof Pietrasz<\/strong> \u2013 ur. 1971 r. w Domaradzu; \u015bwi\u0119cenia kap\u0142a\u0144skie w 1996 r. Wikariusz w Budach \u0141a\u0144cuckich 1996 &#8211; 1998 r.<\/td><\/tr><tr><td colspan=\"2\"><hr><\/td><\/tr><tr><td><img loading=\"lazy\" decoding=\"async\" width=\"90\" height=\"114\" class=\"wp-image-3990\" style=\"width: 90px;\" src=\"https:\/\/budy.przemyska.pl\/wp-content\/uploads\/2024\/11\/ks_tomasz_latoszek.jpg\" alt=\"\"><\/td><td><strong>Ks. Tomasz Latoszek<\/strong> \u2013 ur. 1967 r. w Sanoku; \u015bwi\u0119cenia kap\u0142a\u0144skie w 1992 r. Wikariusz w Budach \u0141a\u0144cuckich 1998 &#8211; 2000 r.<\/td><\/tr><tr><td colspan=\"2\"><hr><\/td><\/tr><tr><td><img loading=\"lazy\" decoding=\"async\" width=\"90\" height=\"96\" class=\"wp-image-3989\" style=\"width: 90px;\" src=\"https:\/\/budy.przemyska.pl\/wp-content\/uploads\/2024\/11\/ks_stanislaw_bak.jpg\" alt=\"\"><\/td><td><strong>Ks. Stanis\u0142aw B\u0105k <\/strong>\u2013 ur. 1967 r. w Przysietnicy; \u015bwi\u0119cenia kap\u0142a\u0144skie w 1992 r. Wikariusz w Budach \u0141a\u0144cuckich 2000 &#8211; 2002 r.<\/td><\/tr><tr><td colspan=\"2\"><hr><\/td><\/tr><tr><td><img loading=\"lazy\" decoding=\"async\" width=\"90\" height=\"94\" class=\"wp-image-3970\" style=\"width: 90px;\" src=\"https:\/\/budy.przemyska.pl\/wp-content\/uploads\/2024\/11\/ks_adam_chrzaszcz.jpg\" alt=\"\"><\/td><td><strong>Ks. Adam Chrz\u0105szcz<\/strong> &#8211; ur. 1969 r. w Muninie; \u015bwi\u0119cenia kap\u0142a\u0144skie w 1996 r. Wikariusz w Budach \u0141a\u0144cuckich od 2002 &#8211; 2005 r.<\/td><\/tr><tr><td colspan=\"2\"><hr><\/td><\/tr><tr><td><img loading=\"lazy\" decoding=\"async\" width=\"90\" height=\"107\" class=\"wp-image-3991\" style=\"width: 90px;\" src=\"https:\/\/budy.przemyska.pl\/wp-content\/uploads\/2024\/11\/ks_tomasz_smoter.jpg\" alt=\"\"><\/td><td>\n<p><strong>Ks. Tomasz Smoter<\/strong> &#8211; ur. 1978 r. w Sanoku; \u015bwi\u0119cenia kap\u0142a\u0144skie w 2005 r. Pracowa\u0142 w parafiach na stanowisku:<br>Budy \u0141a\u0144cuckie od 2005 r. do 2009 r. &#8211; wikariusz<br>Iwonicz &#8211; <a href=\"http:\/\/www.iwonicz.przemysl.opoka.org.pl\" target=\"_blank\" rel=\"noopener\">Parafia pod wezwaniem Wszystkich \u015awi\u0119tych<\/a> od 2009 r. do 2012 r. &#8211; wikariusz<br>&#8230;<\/p>\n<\/td><\/tr><tr><td colspan=\"2\"><hr><\/td><\/tr><tr><td><img loading=\"lazy\" decoding=\"async\" width=\"150\" height=\"225\" class=\"wp-image-3986\" style=\"width: 150px;\" src=\"https:\/\/budy.przemyska.pl\/wp-content\/uploads\/2024\/11\/ks_pawel_pietryka.jpg\" alt=\"\" srcset=\"https:\/\/budy.przemyska.pl\/wp-content\/uploads\/2024\/11\/ks_pawel_pietryka.jpg 600w, https:\/\/budy.przemyska.pl\/wp-content\/uploads\/2024\/11\/ks_pawel_pietryka-200x300.jpg 200w\" sizes=\"auto, (max-width: 150px) 100vw, 150px\" \/><\/td><td>\n<p><strong>Ks. Pawe\u0142 Pietryka<\/strong> &#8211; Ur. 20.05.1983 w Brzozowie, Zam. Parafia Niepokalanego Pocz\u0119cia NMP w Humniskach. Pracowa\u0142 w parafiach na stanowisku:<br>Budy \u0141a\u0144cuckie&nbsp; od 2009 r. do 2012 r. &#8211; wikariusz (<a href=\"http:\/\/www.budylancuckie.przemyska.pl\/?p=787\">po\u017cegnanie ks. Paw\u0142a<\/a>)<br>Izdebki &#8211; <a href=\"http:\/\/parafiaizdebki.pl\/\" target=\"_blank\" rel=\"noopener\">pod wezwaniem Zwiastowania Pa\u0144skiego<\/a> od 2012 r. do &#8230; &#8211; wikariusz<br>&nbsp;<\/p>\n<\/td><\/tr><tr><td colspan=\"2\"><hr><\/td><\/tr><tr><td><img loading=\"lazy\" decoding=\"async\" width=\"127\" height=\"167\" class=\"wp-image-3976\" style=\"width: 127px;\" src=\"https:\/\/budy.przemyska.pl\/wp-content\/uploads\/2024\/11\/ks_grzegorz_staszczak.jpg\" alt=\"\"><\/td><td>\n<p><strong>Ks. Grzegorz Staszczak<\/strong> &#8211;&nbsp; Pracowa\u0142 w parafiach na stanowisku:<br>&#8230;.<br>Budy \u0141a\u0144cuckie&nbsp; od 2012 r. do 2013 &#8211; wikariusz<br>&nbsp;<\/p>\n<\/td><\/tr><tr><td colspan=\"2\"><hr><\/td><\/tr><tr><td><img loading=\"lazy\" decoding=\"async\" width=\"150\" height=\"201\" class=\"wp-image-3988\" style=\"width: 150px;\" src=\"https:\/\/budy.przemyska.pl\/wp-content\/uploads\/2024\/11\/ks_piotr_klym.jpg\" alt=\"\" srcset=\"https:\/\/budy.przemyska.pl\/wp-content\/uploads\/2024\/11\/ks_piotr_klym.jpg 359w, https:\/\/budy.przemyska.pl\/wp-content\/uploads\/2024\/11\/ks_piotr_klym-224x300.jpg 224w\" sizes=\"auto, (max-width: 150px) 100vw, 150px\" \/><\/td><td>\n<p><strong>Ks. Piotr K\u0142ym<\/strong> &#8211;&nbsp; Pracowa\u0142 w parafiach na stanowisku:<br>Parafia Rzymskokatolicka pw. \u015bw Sebastiana i Marii Magdaleny w Sarzynie &#8211; od 2009 r. do 2011 r. &#8211; wikariusz<br>Parafia Rzymskokatolicka pw. \u015aw. Iwona i MB Uzdrowienia Chorych od 2011 r. do 2013 r. &#8211; wikariusz<br>Budy \u0141a\u0144cuckie&nbsp; od 2013 r. do 2014 r. &#8211; wikariusz<br>&nbsp;<\/p>\n<\/td><\/tr><tr><td colspan=\"2\"><hr><\/td><\/tr><tr><td><img loading=\"lazy\" decoding=\"async\" width=\"96\" height=\"111\" class=\"wp-image-3985\" style=\"width: 96px;\" src=\"https:\/\/budy.przemyska.pl\/wp-content\/uploads\/2024\/11\/ks_miroslaw_baran.jpg\" alt=\"\"><\/td><td>\n<p><strong>Ks. Miros\u0142aw Baran<\/strong> &#8211;&nbsp; Pracowa\u0142 w parafiach na stanowisku:<br>&#8230;.<br>Budy \u0141a\u0144cuckie&nbsp; od 2014 r. do 2019 r. &#8211; wikariusz<br>&nbsp;<\/p>\n<\/td><\/tr><tr><td colspan=\"2\"><hr><\/td><\/tr><tr><td><img loading=\"lazy\" decoding=\"async\" width=\"150\" height=\"217\" class=\"wp-image-3984\" style=\"width: 150px;\" src=\"https:\/\/budy.przemyska.pl\/wp-content\/uploads\/2024\/11\/ks_marek_matwijczak.jpg\" alt=\"\" srcset=\"https:\/\/budy.przemyska.pl\/wp-content\/uploads\/2024\/11\/ks_marek_matwijczak.jpg 257w, https:\/\/budy.przemyska.pl\/wp-content\/uploads\/2024\/11\/ks_marek_matwijczak-207x300.jpg 207w\" sizes=\"auto, (max-width: 150px) 100vw, 150px\" \/><\/td><td>\n<p><strong>Ks. Marek Matwijczak<\/strong> &#8211;&nbsp; Pracowa\u0142 w parafiach na stanowisku:<br>Budy \u0141a\u0144cuckie&nbsp; od 2019 r. do 2021 &#8211; wikariusz<br>&nbsp;<\/p>\n<\/td><\/tr><tr><td colspan=\"2\"><hr><\/td><\/tr><tr><td><img loading=\"lazy\" decoding=\"async\" width=\"150\" height=\"225\" class=\"wp-image-3969\" style=\"width: 150px;\" src=\"https:\/\/budy.przemyska.pl\/wp-content\/uploads\/2024\/11\/2019_gurgacz.jpg\" alt=\"\"><\/td><td>\n<p><strong>Ks. Micha\u0142 Gurgacz<\/strong> &#8211;&nbsp; Pracowa\u0142 w parafiach na stanowisku:<br>Budy \u0141a\u0144cuckie&nbsp; od 2021 r. do 2023 &#8211; wikariusz<br>&nbsp;<\/p>\n<\/td><\/tr><tr><td colspan=\"2\"><hr><\/td><\/tr><tr><td><img loading=\"lazy\" decoding=\"async\" width=\"150\" height=\"225\" class=\"wp-image-3987\" style=\"width: 150px;\" src=\"https:\/\/budy.przemyska.pl\/wp-content\/uploads\/2024\/11\/ks_piotr_bolanowski.jpg\" alt=\"\" srcset=\"https:\/\/budy.przemyska.pl\/wp-content\/uploads\/2024\/11\/ks_piotr_bolanowski.jpg 800w, https:\/\/budy.przemyska.pl\/wp-content\/uploads\/2024\/11\/ks_piotr_bolanowski-200x300.jpg 200w, https:\/\/budy.przemyska.pl\/wp-content\/uploads\/2024\/11\/ks_piotr_bolanowski-683x1024.jpg 683w, https:\/\/budy.przemyska.pl\/wp-content\/uploads\/2024\/11\/ks_piotr_bolanowski-768x1152.jpg 768w\" sizes=\"auto, (max-width: 150px) 100vw, 150px\" \/><\/td><td><br><strong>Ks. Piotr Bolanowski<\/strong> &#8211;\u00a0 Pracowa\u0142 w parafiach na stanowisku:<br>Budy \u0141a\u0144cuckie\u00a0 od 2023 r. do 2025 &#8211; wikariusz<br>Przysietnica od 2025 r. do &#8230; &#8211; wikariusz<br><br>\u00a0<br><\/td><\/tr><tr><td><\/td><td><\/td><\/tr><tr><td><img loading=\"lazy\" decoding=\"async\" width=\"150\" height=\"161\" class=\"wp-image-4237\" style=\"width: 150px;\" src=\"https:\/\/budy.przemyska.pl\/wp-content\/uploads\/2025\/08\/ks_tomasz_gierczak.jpg\" alt=\"ks. Tomasz Gierczak\" srcset=\"https:\/\/budy.przemyska.pl\/wp-content\/uploads\/2025\/08\/ks_tomasz_gierczak.jpg 285w, https:\/\/budy.przemyska.pl\/wp-content\/uploads\/2025\/08\/ks_tomasz_gierczak-280x300.jpg 280w\" sizes=\"auto, (max-width: 150px) 100vw, 150px\" \/><\/td><td><strong>Ks. Tomasz Gierczak<\/strong> &#8211;\u00a0 \u201ePanie, nie jestem godzien wszelkich \u0142ask, jakich nieustannie okazujesz swemu s\u0142udze\u201d (Rdz 32, 11).<br>Pracowa\u0142 w parafiach na stanowisku:<br>Budy \u0141a\u0144cuckie\u00a0 od 2025 r. do &#8230; &#8211; wikariusz<\/td><\/tr><\/tbody><\/table><\/figure>\n\n\n\n<p>&nbsp;<\/p>\n","protected":false},"excerpt":{"rendered":"<p>&nbsp; Ks. Eugeniusz Fill &#8211; Urodzi\u0142 si\u0119 3 marca 1930 r. w Izdebkach, jako syn Piotra i Anieli zd. \u0141anik. Po uko\u0144czeniu Gimnazjum w Brzozowie (1944-1949), rozpocz\u0105\u0142 studia filozoficzno-teologiczne w &hellip; <a href=\"https:\/\/budy.przemyska.pl\/index.php\/o-parafii-2\/kaplani-siostry-zakonne-katechetki-sluzba-koscielna\/wikariusze-parafii\/\" class=\"more-link\">Czytaj dalej <span class=\"screen-reader-text\">Wikariusze parafii<\/span> <span class=\"meta-nav\">&rarr;<\/span><\/a><\/p>\n","protected":false},"author":1,"featured_media":0,"parent":438,"menu_order":1,"comment_status":"closed","ping_status":"closed","template":"","meta":{"footnotes":""},"class_list":["post-268","page","type-page","status-publish","hentry"],"_links":{"self":[{"href":"https:\/\/budy.przemyska.pl\/index.php\/wp-json\/wp\/v2\/pages\/268","targetHints":{"allow":["GET"]}}],"collection":[{"href":"https:\/\/budy.przemyska.pl\/index.php\/wp-json\/wp\/v2\/pages"}],"about":[{"href":"https:\/\/budy.przemyska.pl\/index.php\/wp-json\/wp\/v2\/types\/page"}],"author":[{"embeddable":true,"href":"https:\/\/budy.przemyska.pl\/index.php\/wp-json\/wp\/v2\/users\/1"}],"replies":[{"embeddable":true,"href":"https:\/\/budy.przemyska.pl\/index.php\/wp-json\/wp\/v2\/comments?post=268"}],"version-history":[{"count":2,"href":"https:\/\/budy.przemyska.pl\/index.php\/wp-json\/wp\/v2\/pages\/268\/revisions"}],"predecessor-version":[{"id":4240,"href":"https:\/\/budy.przemyska.pl\/index.php\/wp-json\/wp\/v2\/pages\/268\/revisions\/4240"}],"up":[{"embeddable":true,"href":"https:\/\/budy.przemyska.pl\/index.php\/wp-json\/wp\/v2\/pages\/438"}],"wp:attachment":[{"href":"https:\/\/budy.przemyska.pl\/index.php\/wp-json\/wp\/v2\/media?parent=268"}],"curies":[{"name":"wp","href":"https:\/\/api.w.org\/{rel}","templated":true}]}}